{"id":8598,"date":"2023-08-16T21:30:58","date_gmt":"2023-08-17T00:30:58","guid":{"rendered":"https:\/\/cacapalavrasdidaticos.com.br\/site\/?post_type=product&#038;p=8598"},"modified":"2024-12-02T03:50:00","modified_gmt":"2024-12-02T06:50:00","slug":"e-book-de-demonstracao-gratuito-mapas-mentais-e-atividades-de-matematica-fundamental-2","status":"publish","type":"product","link":"https:\/\/cacapalavrasdidaticos.com.br\/site\/produto\/e-book-de-demonstracao-gratuito-mapas-mentais-e-atividades-de-matematica-fundamental-2\/","title":{"rendered":"E-BOOK DE DEMONSTRA\u00c7\u00c3O GRATUITO &#8211; MAPAS MENTAIS E ATIVIDADES DE MATEM\u00c1TICA (FUNDAMENTAL 2)"},"content":{"rendered":"","protected":false},"excerpt":{"rendered":"<p>Este \u00e9 um e-book de demonstra\u00e7\u00e3o de um novo material que ser\u00e1 produzido para o componente curricular de MATEM\u00c1TICA, para o Ensino Fundamental 2. Produzimos 10 atividades com mapas mentais, atividades em sequ\u00eancia, criptogramas e quadrados m\u00e1gicos.<\/p>\n<p>J\u00e1 estamos produzindo 4 apostilas, neste mesmo formato, do 6\u00ba ao 9\u00ba ano. Os conte\u00fados seguir\u00e3o as Habilidades da BNCC. Espero que gostem deste material e que as atividades sejam muito \u00fateis no dia a dia de sala de aula.<\/p>\n<p>BAIXE-O GRATUITAMENTE CLICANDO NESTE LINK: <a href=\"https:\/\/drive.google.com\/drive\/folders\/11UV0-CdeiPm2YhsqWP-5F3k-XvVQ25VC?usp=sharing\">https:\/\/drive.google.com\/drive\/folders\/11UV0-CdeiPm2YhsqWP-5F3k-XvVQ25VC?usp=sharing<\/a><\/p>\n<p>MAIS INFORMA\u00c7\u00d5ES, CHAME-NOS NO WHATSAPP:31-994716920 <a class=\"oajrlxb2 g5ia77u1 qu0x051f esr5mh6w e9989ue4 r7d6kgcz rq0escxv nhd2j8a9 nc684nl6 p7hjln8o kvgmc6g5 cxmmr5t8 oygrvhab hcukyx3x jb3vyjys rz4wbd8a qt6c0cv9 a8nywdso i1ao9s8h esuyzwwr f1sip0of lzcic4wl py34i1dx gpro0wi8\" tabindex=\"0\" role=\"link\" href=\"https:\/\/wa.me\/5531994716920?fbclid=IwAR0MYQlNnQX65Ivp4jfCSXSdZb4mOnZngRgwbuPr-5BfEpZV9ORUy8qzKyM\" target=\"_blank\" rel=\"nofollow noopener\">https:\/\/wa.me\/5531994716920<\/a><\/p>\n<p>&nbsp;<\/p>\n","protected":false},"featured_media":8761,"comment_status":"open","ping_status":"closed","template":"","meta":[],"product_brand":[],"product_cat":[45],"product_tag":[],"class_list":{"0":"post-8598","1":"product","2":"type-product","3":"status-publish","4":"has-post-thumbnail","6":"product_cat-matematica","8":"first","9":"instock","10":"downloadable","11":"taxable","12":"shipping-taxable","13":"product-type-simple"},"_links":{"self":[{"href":"https:\/\/cacapalavrasdidaticos.com.br\/site\/wp-json\/wp\/v2\/product\/8598","targetHints":{"allow":["GET"]}}],"collection":[{"href":"https:\/\/cacapalavrasdidaticos.com.br\/site\/wp-json\/wp\/v2\/product"}],"about":[{"href":"https:\/\/cacapalavrasdidaticos.com.br\/site\/wp-json\/wp\/v2\/types\/product"}],"replies":[{"embeddable":true,"href":"https:\/\/cacapalavrasdidaticos.com.br\/site\/wp-json\/wp\/v2\/comments?post=8598"}],"wp:featuredmedia":[{"embeddable":true,"href":"https:\/\/cacapalavrasdidaticos.com.br\/site\/wp-json\/wp\/v2\/media\/8761"}],"wp:attachment":[{"href":"https:\/\/cacapalavrasdidaticos.com.br\/site\/wp-json\/wp\/v2\/media?parent=8598"}],"wp:term":[{"taxonomy":"product_brand","embeddable":true,"href":"https:\/\/cacapalavrasdidaticos.com.br\/site\/wp-json\/wp\/v2\/product_brand?post=8598"},{"taxonomy":"product_cat","embeddable":true,"href":"https:\/\/cacapalavrasdidaticos.com.br\/site\/wp-json\/wp\/v2\/product_cat?post=8598"},{"taxonomy":"product_tag","embeddable":true,"href":"https:\/\/cacapalavrasdidaticos.com.br\/site\/wp-json\/wp\/v2\/product_tag?post=8598"}],"curies":[{"name":"wp","href":"https:\/\/api.w.org\/{rel}","templated":true}]}}