{"id":27340,"date":"2026-04-25T10:37:51","date_gmt":"2026-04-25T13:37:51","guid":{"rendered":"https:\/\/cacapalavrasdidaticos.com.br\/site\/?post_type=product&#038;p=27340"},"modified":"2026-04-25T11:11:04","modified_gmt":"2026-04-25T14:11:04","slug":"atividades-de-leitura-e-protagonismo-multicultural_atividades-2o-trimestre-ensino-medio","status":"publish","type":"product","link":"https:\/\/cacapalavrasdidaticos.com.br\/site\/produto\/atividades-de-leitura-e-protagonismo-multicultural_atividades-2o-trimestre-ensino-medio\/","title":{"rendered":"ATIVIDADES DE LEITURA E PROTAGONISMO MULTICULTURAL_ATIVIDADES &#8211; 2\u00ba TRIMESTRE &#8211; ENSINO M\u00c9DIO"},"content":{"rendered":"","protected":false},"excerpt":{"rendered":"<p data-start=\"86\" data-end=\"186\">\ud83d\ude80 <strong data-start=\"89\" data-end=\"155\">Atividades de Leitura &amp; Protagonismo \u2013 1\u00ba Ano do Ensino M\u00e9dio \u2013 2\u00ba Trimestre<\/strong> \ud83d\ude80<br data-start=\"158\" data-end=\"161\" \/><strong data-start=\"161\" data-end=\"186\">Volume 1 \u2013 60 p\u00e1ginas<\/strong><\/p>\n<p data-start=\"188\" data-end=\"516\">Transforme a aprendizagem com o Itiner\u00e1rio Formativo <strong data-start=\"241\" data-end=\"267\">Leitura &amp; Protagonismo<\/strong>! Um material completo para o <strong data-start=\"297\" data-end=\"323\">1\u00ba ano do Ensino M\u00e9dio<\/strong>, desenvolvido com base no <strong data-start=\"350\" data-end=\"389\">Plano de Curso de Minas Gerais 2026<\/strong>, com foco em <strong data-start=\"403\" data-end=\"515\">multiculturalismo, inova\u00e7\u00e3o tecnol\u00f3gica, leitura cr\u00edtica, argumenta\u00e7\u00e3o, \u00e9tica digital e protagonismo juvenil<\/strong>.<\/p>\n<p data-start=\"518\" data-end=\"557\">\ud83d\udca1 <strong data-start=\"521\" data-end=\"557\">O que voc\u00ea encontra no material:<\/strong><\/p>\n<p data-start=\"559\" data-end=\"774\">Atividades estruturadas para desenvolver leitura cr\u00edtica, interpreta\u00e7\u00e3o de textos, an\u00e1lise de discursos, identifica\u00e7\u00e3o de parcialidade e imparcialidade em not\u00edcias, al\u00e9m da constru\u00e7\u00e3o de argumentos s\u00f3lidos e \u00e9ticos.<\/p>\n<p data-start=\"776\" data-end=\"989\">Propostas atuais sobre temas como <strong data-start=\"810\" data-end=\"988\">economia no cotidiano, vi\u00e9s jornal\u00edstico, regula\u00e7\u00e3o da Intelig\u00eancia Artificial, uso de celulares na escola, fake news, deepfakes, desinforma\u00e7\u00e3o, TDIC e inova\u00e7\u00e3o na comunidade<\/strong>.<\/p>\n<p data-start=\"991\" data-end=\"1185\">Exerc\u00edcios de produ\u00e7\u00e3o textual, oficina de artigo de opini\u00e3o, an\u00e1lise comparativa, entrevista comunit\u00e1ria, autoavalia\u00e7\u00e3o, mapas mentais, esquemas visuais e atividades de interven\u00e7\u00e3o tecnol\u00f3gica.<\/p>\n<p data-start=\"1187\" data-end=\"1306\">Material com <strong data-start=\"1200\" data-end=\"1229\">gabaritos e plano de aula<\/strong>, facilitando a aplica\u00e7\u00e3o em sala e oferecendo mais praticidade ao professor.<\/p>\n<p data-start=\"1308\" data-end=\"1582\">\ud83d\udd0d <strong data-start=\"1311\" data-end=\"1324\">Objetivo:<\/strong><br data-start=\"1324\" data-end=\"1327\" \/>Desenvolver nos estudantes a capacidade de ler criticamente diferentes textos e discursos, compreender os impactos das tecnologias na sociedade, argumentar com responsabilidade e propor solu\u00e7\u00f5es inovadoras, \u00e9ticas e inclusivas para problemas do cotidiano.<\/p>\n<p data-start=\"1584\" data-end=\"1681\">\ud83c\udf31 <strong data-start=\"1587\" data-end=\"1599\">Autoria:<\/strong><br data-start=\"1599\" data-end=\"1602\" \/>Elaborado por <strong data-start=\"1616\" data-end=\"1639\">Elaine Cris Andrade<\/strong>, com colabora\u00e7\u00e3o de <strong data-start=\"1660\" data-end=\"1680\">Eduardo Menandes<\/strong>.<\/p>\n<p data-start=\"1683\" data-end=\"1928\">Apostila dispon\u00edvel para uso exclusivo com os alunos! Um material pensado para fortalecer a autonomia intelectual, o pensamento cr\u00edtico e o protagonismo dos estudantes diante dos desafios sociais, culturais e tecnol\u00f3gicos do mundo contempor\u00e2neo.<\/p>\n<p data-start=\"1930\" data-end=\"2011\">\ud83d\udcda <strong data-start=\"1933\" data-end=\"2011\">Desenvolva habilidades essenciais para a vida acad\u00eamica, social e digital!<\/strong><\/p>\n<p style=\"text-align: center;\"><strong>AVISO IMPORTANTE:<\/strong><\/p>\n<p style=\"text-align: center;\"><strong>MAIS INFORMA\u00c7\u00d5ES E COMPRA PELO PIX, ENTRE EM CONTATO CONOSCO: 31-994716920. PIX: 31-994716920 (Eduardo de Sousa)<\/strong><\/p>\n<p style=\"text-align: center;\"><strong>ENVIO DO MATERIAL: EM AT\u00c9 1 (UM) DIA \u00daTIL, AP\u00d3S A CONFIRMA\u00c7\u00c3O DO PAGAMENTO\u00a0(SER\u00c1 ENVIADO UM LINK DO GOOGLE DRIVE NO E-MAIL INFORMADO NO ATO DA COMPRA PARA O DOWNLOAD DA APOSTILA).<\/strong><\/p>\n","protected":false},"featured_media":27341,"comment_status":"open","ping_status":"closed","template":"","meta":[],"product_brand":[],"product_cat":[152],"product_tag":[128,190,31,188],"class_list":{"0":"post-27340","1":"product","2":"type-product","3":"status-publish","4":"has-post-thumbnail","6":"product_cat-plano-de-curso","7":"product_tag-atividades-adaptadas","8":"product_tag-atividades-complementares","9":"product_tag-atividades-ludicas","10":"product_tag-itinerarios-mg","12":"first","13":"instock","14":"virtual","15":"taxable","16":"purchasable","17":"product-type-simple"},"_links":{"self":[{"href":"https:\/\/cacapalavrasdidaticos.com.br\/site\/wp-json\/wp\/v2\/product\/27340","targetHints":{"allow":["GET"]}}],"collection":[{"href":"https:\/\/cacapalavrasdidaticos.com.br\/site\/wp-json\/wp\/v2\/product"}],"about":[{"href":"https:\/\/cacapalavrasdidaticos.com.br\/site\/wp-json\/wp\/v2\/types\/product"}],"replies":[{"embeddable":true,"href":"https:\/\/cacapalavrasdidaticos.com.br\/site\/wp-json\/wp\/v2\/comments?post=27340"}],"wp:featuredmedia":[{"embeddable":true,"href":"https:\/\/cacapalavrasdidaticos.com.br\/site\/wp-json\/wp\/v2\/media\/27341"}],"wp:attachment":[{"href":"https:\/\/cacapalavrasdidaticos.com.br\/site\/wp-json\/wp\/v2\/media?parent=27340"}],"wp:term":[{"taxonomy":"product_brand","embeddable":true,"href":"https:\/\/cacapalavrasdidaticos.com.br\/site\/wp-json\/wp\/v2\/product_brand?post=27340"},{"taxonomy":"product_cat","embeddable":true,"href":"https:\/\/cacapalavrasdidaticos.com.br\/site\/wp-json\/wp\/v2\/product_cat?post=27340"},{"taxonomy":"product_tag","embeddable":true,"href":"https:\/\/cacapalavrasdidaticos.com.br\/site\/wp-json\/wp\/v2\/product_tag?post=27340"}],"curies":[{"name":"wp","href":"https:\/\/api.w.org\/{rel}","templated":true}]}}

ATIVIDADES DE LEITURA E PROTAGONISMO MULTICULTURAL_ATIVIDADES &#8211; 2º TRIMESTRE &#8211; ENSINO MÉDIO

<p data-start="86" data-end="186">🚀 <strong data-start="89" data-end="155">Atividades de Leitura &amp; Protagonismo – 1º Ano do Ensino Médio – 2º Trimestre</strong> 🚀<br data-start="158" data-end="161" /><strong data-start="161" data-end="186">Volume 1 – 60 páginas</strong></p>
<p data-start="188" data-end="516">Transforme a aprendizagem com o Itinerário Formativo <strong data-start="241" data-end="267">Leitura &amp; Protagonismo</strong>! Um material completo para o <strong data-start="297" data-end="323">1º ano do Ensino Médio</strong>, desenvolvido com base no <strong data-start="350" data-end="389">Plano de Curso de Minas Gerais 2026</strong>, com foco em <strong data-start="403" data-end="515">multiculturalismo, inovação tecnológica, leitura crítica, argumentação, ética digital e protagonismo juvenil</strong>.</p>
<p data-start="518" data-end="557">💡 <strong data-start="521" data-end="557">O que você encontra no material:</strong></p>
<p data-start="559" data-end="774">Atividades estruturadas para desenvolver leitura crítica, interpretação de textos, análise de discursos, identificação de parcialidade e imparcialidade em notícias, além da construção de argumentos sólidos e éticos.</p>
<p data-start="776" data-end="989">Propostas atuais sobre temas como <strong data-start="810" data-end="988">economia no cotidiano, viés jornalístico, regulação da Inteligência Artificial, uso de celulares na escola, fake news, deepfakes, desinformação, TDIC e inovação na comunidade</strong>.</p>
<p data-start="991" data-end="1185">Exercícios de produção textual, oficina de artigo de opinião, análise comparativa, entrevista comunitária, autoavaliação, mapas mentais, esquemas visuais e atividades de intervenção tecnológica.</p>
<p data-start="1187" data-end="1306">Material com <strong data-start="1200" data-end="1229">gabaritos e plano de aula</strong>, facilitando a aplicação em sala e oferecendo mais praticidade ao professor.</p>
<p data-start="1308" data-end="1582">🔍 <strong data-start="1311" data-end="1324">Objetivo:</strong><br data-start="1324" data-end="1327" />Desenvolver nos estudantes a capacidade de ler criticamente diferentes textos e discursos, compreender os impactos das tecnologias na sociedade, argumentar com responsabilidade e propor soluções inovadoras, éticas e inclusivas para problemas do cotidiano.</p>
<p data-start="1584" data-end="1681">🌱 <strong data-start="1587" data-end="1599">Autoria:</strong><br data-start="1599" data-end="1602" />Elaborado por <strong data-start="1616" data-end="1639">Elaine Cris Andrade</strong>, com colaboração de <strong data-start="1660" data-end="1680">Eduardo Menandes</strong>.</p>
<p data-start="1683" data-end="1928">Apostila disponível para uso exclusivo com os alunos! Um material pensado para fortalecer a autonomia intelectual, o pensamento crítico e o protagonismo dos estudantes diante dos desafios sociais, culturais e tecnológicos do mundo contemporâneo.</p>
<p data-start="1930" data-end="2011">📚 <strong data-start="1933" data-end="2011">Desenvolva habilidades essenciais para a vida acadêmica, social e digital!</strong></p>
<p style="text-align: center;"><strong>AVISO IMPORTANTE:</strong></p>
<p style="text-align: center;"><strong>MAIS INFORMAÇÕES E COMPRA PELO PIX, ENTRE EM CONTATO CONOSCO: 31-994716920. PIX: 31-994716920 (Eduardo de Sousa)</strong></p>
<p style="text-align: center;"><strong>ENVIO DO MATERIAL: EM ATÉ 1 (UM) DIA ÚTIL, APÓS A CONFIRMAÇÃO DO PAGAMENTO (SERÁ ENVIADO UM LINK DO GOOGLE DRIVE NO E-MAIL INFORMADO NO ATO DA COMPRA PARA O DOWNLOAD DA APOSTILA).</strong></p>
