{"id":27325,"date":"2026-04-25T09:03:19","date_gmt":"2026-04-25T12:03:19","guid":{"rendered":"https:\/\/cacapalavrasdidaticos.com.br\/site\/?post_type=product&#038;p=27325"},"modified":"2026-04-25T09:14:53","modified_gmt":"2026-04-25T12:14:53","slug":"producao-cultural-e-comunicacao-2o-trimestre-ensino-medio","status":"publish","type":"product","link":"https:\/\/cacapalavrasdidaticos.com.br\/site\/produto\/producao-cultural-e-comunicacao-2o-trimestre-ensino-medio\/","title":{"rendered":"PRODU\u00c7\u00c3O CULTURAL E COMUNICA\u00c7\u00c3O &#8211; 2\u00ba TRIMESTRE &#8211; ENSINO M\u00c9DIO"},"content":{"rendered":"","protected":false},"excerpt":{"rendered":"<p data-start=\"100\" data-end=\"209\">\ud83d\ude80 <strong data-start=\"103\" data-end=\"178\">Produ\u00e7\u00e3o Cultural e Comunica\u00e7\u00e3o \u2013 2\u00ba Ano do Ensino M\u00e9dio \u2013 2\u00ba Trimestre<\/strong> \ud83d\ude80<br data-start=\"181\" data-end=\"184\" \/><strong data-start=\"184\" data-end=\"209\">Volume 2 \u2013 96 p\u00e1ginas<\/strong><\/p>\n<p data-start=\"211\" data-end=\"540\">Transforme a aprendizagem com o Itiner\u00e1rio Formativo <strong data-start=\"264\" data-end=\"299\">Produ\u00e7\u00e3o Cultural e Comunica\u00e7\u00e3o<\/strong>! Um material completo para o <strong data-start=\"329\" data-end=\"355\">2\u00ba ano do Ensino M\u00e9dio<\/strong>, desenvolvido com base no <strong data-start=\"382\" data-end=\"421\">Plano de Curso de Minas Gerais 2026<\/strong>, com foco em <strong data-start=\"435\" data-end=\"539\">matrizes hist\u00f3ricas, multiculturalismo, desigualdades, identidade, territ\u00f3rio e protagonismo juvenil<\/strong>.<\/p>\n<p data-start=\"542\" data-end=\"581\">\ud83d\udca1 <strong data-start=\"545\" data-end=\"581\">O que voc\u00ea encontra no material:<\/strong><\/p>\n<p data-start=\"583\" data-end=\"811\">Aulas introdut\u00f3rias e atividades organizadas para trabalhar a forma\u00e7\u00e3o da identidade cultural, as heran\u00e7as ind\u00edgenas, africanas e europeias, a genealogia, a oralidade, o territ\u00f3rio e as diferentes formas de pertencimento social.<\/p>\n<p data-start=\"813\" data-end=\"1016\">Atividades pr\u00e1ticas de interpreta\u00e7\u00e3o, reflex\u00e3o, an\u00e1lise cr\u00edtica, produ\u00e7\u00e3o cultural, investiga\u00e7\u00e3o local, mapeamento afetivo, pesquisa de campo e compara\u00e7\u00e3o entre narrativas hegem\u00f4nicas e contra-hist\u00f3rias.<\/p>\n<p data-start=\"1018\" data-end=\"1239\">Discuss\u00f5es relevantes sobre diversidade, respeito, estere\u00f3tipos, etnocentrismo, cultura como mercadoria, desigualdades sociais, sustentabilidade e o papel dos jovens na constru\u00e7\u00e3o de uma sociedade mais justa e consciente.<\/p>\n<p data-start=\"1241\" data-end=\"1447\">Projeto integrador com o tema <strong data-start=\"1271\" data-end=\"1319\">\u201cMatrizes Ancestrais e o Futuro Sustent\u00e1vel\u201d<\/strong>, incentivando o estudante a relacionar passado, presente e futuro por meio da pesquisa, da comunica\u00e7\u00e3o e da interven\u00e7\u00e3o social.<\/p>\n<p data-start=\"1449\" data-end=\"1766\">\ud83d\udd0d <strong data-start=\"1452\" data-end=\"1465\">Objetivo:<\/strong><br data-start=\"1465\" data-end=\"1468\" \/>Capacitar os estudantes a compreenderem as diferentes matrizes culturais que formam a sociedade brasileira, reconhecendo saberes ancestrais, questionando desigualdades hist\u00f3ricas e valorizando a diversidade como elemento essencial para a constru\u00e7\u00e3o da identidade, da cidadania e do respeito social.<\/p>\n<p data-start=\"1768\" data-end=\"1865\">\ud83c\udf31 <strong data-start=\"1771\" data-end=\"1783\">Autoria:<\/strong><br data-start=\"1783\" data-end=\"1786\" \/>Elaborado por <strong data-start=\"1800\" data-end=\"1823\">Elaine Cris Andrade<\/strong>, com colabora\u00e7\u00e3o de <strong data-start=\"1844\" data-end=\"1864\">Eduardo Menandes<\/strong>.<\/p>\n<p data-start=\"1867\" data-end=\"2034\">Apostila dispon\u00edvel para uso exclusivo com os alunos! Um material pensado para tornar o aprendizado mais cr\u00edtico, participativo e conectado \u00e0 realidade dos estudantes.<\/p>\n<p data-start=\"2036\" data-end=\"2118\">\ud83d\udcda <strong data-start=\"2039\" data-end=\"2118\">Desenvolva habilidades essenciais para a vida acad\u00eamica, social e cultural!<\/strong><\/p>\n<p style=\"text-align: center;\"><strong>AVISO IMPORTANTE:<\/strong><\/p>\n<p style=\"text-align: center;\"><strong>AS APOSTILAS S\u00c3O ENVIADAS EM FORMATO PDF NO EMAIL CADASTRADO NO ATO DA COMPRA. CASO QUEIRA O MATERIAL EM FORMATO IMAGEM JPEG, ENTRE EM CONTATO CONOSCO PELO WHATSAPP: 31-994716920<\/strong><\/p>\n<p style=\"text-align: center;\"><strong>MAIS INFORMA\u00c7\u00d5ES E COMPRA PELO PIX, ENTRE EM CONTATO CONOSCO: 31-994716920. PIX: 31-994716920 (Eduardo de Sousa)<\/strong><\/p>\n<p style=\"text-align: center;\"><strong>ENVIO DO MATERIAL: EM AT\u00c9 1 (UM) DIA \u00daTIL, AP\u00d3S A CONFIRMA\u00c7\u00c3O DO PAGAMENTO\u00a0(SER\u00c1 ENVIADO UM LINK DO GOOGLE DRIVE NO E-MAIL INFORMADO NO ATO DA COMPRA PARA O DOWNLOAD DA APOSTILA).<\/strong><\/p>\n","protected":false},"featured_media":27327,"comment_status":"open","ping_status":"closed","template":"","meta":[],"product_brand":[],"product_cat":[152],"product_tag":[128,31,188],"class_list":{"0":"post-27325","1":"product","2":"type-product","3":"status-publish","4":"has-post-thumbnail","6":"product_cat-plano-de-curso","7":"product_tag-atividades-adaptadas","8":"product_tag-atividades-ludicas","9":"product_tag-itinerarios-mg","11":"first","12":"instock","13":"virtual","14":"taxable","15":"purchasable","16":"product-type-simple"},"_links":{"self":[{"href":"https:\/\/cacapalavrasdidaticos.com.br\/site\/wp-json\/wp\/v2\/product\/27325","targetHints":{"allow":["GET"]}}],"collection":[{"href":"https:\/\/cacapalavrasdidaticos.com.br\/site\/wp-json\/wp\/v2\/product"}],"about":[{"href":"https:\/\/cacapalavrasdidaticos.com.br\/site\/wp-json\/wp\/v2\/types\/product"}],"replies":[{"embeddable":true,"href":"https:\/\/cacapalavrasdidaticos.com.br\/site\/wp-json\/wp\/v2\/comments?post=27325"}],"wp:featuredmedia":[{"embeddable":true,"href":"https:\/\/cacapalavrasdidaticos.com.br\/site\/wp-json\/wp\/v2\/media\/27327"}],"wp:attachment":[{"href":"https:\/\/cacapalavrasdidaticos.com.br\/site\/wp-json\/wp\/v2\/media?parent=27325"}],"wp:term":[{"taxonomy":"product_brand","embeddable":true,"href":"https:\/\/cacapalavrasdidaticos.com.br\/site\/wp-json\/wp\/v2\/product_brand?post=27325"},{"taxonomy":"product_cat","embeddable":true,"href":"https:\/\/cacapalavrasdidaticos.com.br\/site\/wp-json\/wp\/v2\/product_cat?post=27325"},{"taxonomy":"product_tag","embeddable":true,"href":"https:\/\/cacapalavrasdidaticos.com.br\/site\/wp-json\/wp\/v2\/product_tag?post=27325"}],"curies":[{"name":"wp","href":"https:\/\/api.w.org\/{rel}","templated":true}]}}

PRODUÇÃO CULTURAL E COMUNICAÇÃO &#8211; 2º TRIMESTRE &#8211; ENSINO MÉDIO

<p data-start="100" data-end="209">🚀 <strong data-start="103" data-end="178">Produção Cultural e Comunicação – 2º Ano do Ensino Médio – 2º Trimestre</strong> 🚀<br data-start="181" data-end="184" /><strong data-start="184" data-end="209">Volume 2 – 96 páginas</strong></p>
<p data-start="211" data-end="540">Transforme a aprendizagem com o Itinerário Formativo <strong data-start="264" data-end="299">Produção Cultural e Comunicação</strong>! Um material completo para o <strong data-start="329" data-end="355">2º ano do Ensino Médio</strong>, desenvolvido com base no <strong data-start="382" data-end="421">Plano de Curso de Minas Gerais 2026</strong>, com foco em <strong data-start="435" data-end="539">matrizes históricas, multiculturalismo, desigualdades, identidade, território e protagonismo juvenil</strong>.</p>
<p data-start="542" data-end="581">💡 <strong data-start="545" data-end="581">O que você encontra no material:</strong></p>
<p data-start="583" data-end="811">Aulas introdutórias e atividades organizadas para trabalhar a formação da identidade cultural, as heranças indígenas, africanas e europeias, a genealogia, a oralidade, o território e as diferentes formas de pertencimento social.</p>
<p data-start="813" data-end="1016">Atividades práticas de interpretação, reflexão, análise crítica, produção cultural, investigação local, mapeamento afetivo, pesquisa de campo e comparação entre narrativas hegemônicas e contra-histórias.</p>
<p data-start="1018" data-end="1239">Discussões relevantes sobre diversidade, respeito, estereótipos, etnocentrismo, cultura como mercadoria, desigualdades sociais, sustentabilidade e o papel dos jovens na construção de uma sociedade mais justa e consciente.</p>
<p data-start="1241" data-end="1447">Projeto integrador com o tema <strong data-start="1271" data-end="1319">“Matrizes Ancestrais e o Futuro Sustentável”</strong>, incentivando o estudante a relacionar passado, presente e futuro por meio da pesquisa, da comunicação e da intervenção social.</p>
<p data-start="1449" data-end="1766">🔍 <strong data-start="1452" data-end="1465">Objetivo:</strong><br data-start="1465" data-end="1468" />Capacitar os estudantes a compreenderem as diferentes matrizes culturais que formam a sociedade brasileira, reconhecendo saberes ancestrais, questionando desigualdades históricas e valorizando a diversidade como elemento essencial para a construção da identidade, da cidadania e do respeito social.</p>
<p data-start="1768" data-end="1865">🌱 <strong data-start="1771" data-end="1783">Autoria:</strong><br data-start="1783" data-end="1786" />Elaborado por <strong data-start="1800" data-end="1823">Elaine Cris Andrade</strong>, com colaboração de <strong data-start="1844" data-end="1864">Eduardo Menandes</strong>.</p>
<p data-start="1867" data-end="2034">Apostila disponível para uso exclusivo com os alunos! Um material pensado para tornar o aprendizado mais crítico, participativo e conectado à realidade dos estudantes.</p>
<p data-start="2036" data-end="2118">📚 <strong data-start="2039" data-end="2118">Desenvolva habilidades essenciais para a vida acadêmica, social e cultural!</strong></p>
<p style="text-align: center;"><strong>AVISO IMPORTANTE:</strong></p>
<p style="text-align: center;"><strong>AS APOSTILAS SÃO ENVIADAS EM FORMATO PDF NO EMAIL CADASTRADO NO ATO DA COMPRA. CASO QUEIRA O MATERIAL EM FORMATO IMAGEM JPEG, ENTRE EM CONTATO CONOSCO PELO WHATSAPP: 31-994716920</strong></p>
<p style="text-align: center;"><strong>MAIS INFORMAÇÕES E COMPRA PELO PIX, ENTRE EM CONTATO CONOSCO: 31-994716920. PIX: 31-994716920 (Eduardo de Sousa)</strong></p>
<p style="text-align: center;"><strong>ENVIO DO MATERIAL: EM ATÉ 1 (UM) DIA ÚTIL, APÓS A CONFIRMAÇÃO DO PAGAMENTO (SERÁ ENVIADO UM LINK DO GOOGLE DRIVE NO E-MAIL INFORMADO NO ATO DA COMPRA PARA O DOWNLOAD DA APOSTILA).</strong></p>
