{"id":25803,"date":"2026-02-28T11:13:50","date_gmt":"2026-02-28T14:13:50","guid":{"rendered":"https:\/\/cacapalavrasdidaticos.com.br\/site\/?post_type=product&#038;p=25803"},"modified":"2026-03-17T10:13:15","modified_gmt":"2026-03-17T13:13:15","slug":"leitura-e-protagonismo-adaptada-1o-ano-1o-trimestre","status":"publish","type":"product","link":"https:\/\/cacapalavrasdidaticos.com.br\/site\/produto\/leitura-e-protagonismo-adaptada-1o-ano-1o-trimestre\/","title":{"rendered":"LEITURA E PROTAGONISMO ADAPTADA &#8211; 1\u00ba ANO &#8211; 1\u00ba TRIMESTRE"},"content":{"rendered":"","protected":false},"excerpt":{"rendered":"<p data-start=\"112\" data-end=\"197\">\ud83d\ude80 <strong data-start=\"115\" data-end=\"175\">Leitura e Protagonismo Adaptada \u2013 1\u00ba Ano do Ensino M\u00e9dio<\/strong> \ud83d\ude80<br data-start=\"178\" data-end=\"181\" \/><strong data-start=\"181\" data-end=\"197\">1\u00ba Trimestre &#8211; 35 P\u00c1GINAS<\/strong><\/p>\n<p data-start=\"199\" data-end=\"437\">Desperte o protagonismo juvenil com o <em data-start=\"237\" data-end=\"291\">Itiner\u00e1rio Formativo Leitura e Protagonismo Adaptada<\/em>! Um material inovador para o 1\u00ba ano do Ensino M\u00e9dio, focado no desenvolvimento da capacidade cr\u00edtica, reflex\u00e3o social e constru\u00e7\u00e3o da identidade.<\/p>\n<p data-start=\"439\" data-end=\"478\">\ud83d\udca1 <strong data-start=\"442\" data-end=\"478\">O que voc\u00ea encontra no material:<\/strong><\/p>\n<ul data-start=\"479\" data-end=\"1007\">\n<li data-start=\"479\" data-end=\"580\">\n<p data-start=\"481\" data-end=\"580\"><strong data-start=\"481\" data-end=\"517\">Juventude &amp; Transforma\u00e7\u00e3o Social<\/strong>: Reflex\u00f5es sobre o papel dos jovens na transforma\u00e7\u00e3o do mundo.<\/p>\n<\/li>\n<li data-start=\"581\" data-end=\"690\">\n<p data-start=\"583\" data-end=\"690\"><strong data-start=\"583\" data-end=\"615\">Leitura Cr\u00edtica da Realidade<\/strong>: An\u00e1lise de problemas locais e globais, com foco em como atuar na solu\u00e7\u00e3o.<\/p>\n<\/li>\n<li data-start=\"691\" data-end=\"802\">\n<p data-start=\"693\" data-end=\"802\"><strong data-start=\"693\" data-end=\"740\">Escolha da Causa e Defini\u00e7\u00e3o do Foco Social<\/strong>: Como os alunos podem definir e engajar-se em causas sociais.<\/p>\n<\/li>\n<li data-start=\"803\" data-end=\"915\">\n<p data-start=\"805\" data-end=\"915\"><strong data-start=\"805\" data-end=\"857\">Pesquisa, Dados e Responsabilidade Informacional<\/strong>: Incentivo ao uso consciente das informa\u00e7\u00f5es na internet.<\/p>\n<\/li>\n<li data-start=\"916\" data-end=\"1007\">\n<p data-start=\"918\" data-end=\"1007\"><strong data-start=\"918\" data-end=\"953\">Narrativa e Storytelling Social<\/strong>: T\u00e9cnicas de comunica\u00e7\u00e3o para se expressar e engajar.<\/p>\n<\/li>\n<\/ul>\n<p data-start=\"1009\" data-end=\"1181\">\ud83d\udd0d <strong data-start=\"1012\" data-end=\"1024\">Objetivo<\/strong>: Capacitar os estudantes a se posicionarem de forma cr\u00edtica e ativa, desenvolvendo sua identidade, voz e capacidade de transformar a realidade ao seu redor.<\/p>\n<p data-start=\"1183\" data-end=\"1253\">\ud83c\udf31 <strong data-start=\"1186\" data-end=\"1197\">Autoria<\/strong>: Elaborado por Elaine Cris Andrade e equipe pedag\u00f3gica.<\/p>\n<p data-start=\"1255\" data-end=\"1387\">Apostila exclusiva para promover o protagonismo juvenil e o pensamento cr\u00edtico dos alunos, preparando-os para os desafios do futuro!<\/p>\n<p data-start=\"1389\" data-end=\"1466\">\ud83d\udcda Fortale\u00e7a a voz dos estudantes e prepare-os para serem agentes de mudan\u00e7a!<\/p>\n","protected":false},"featured_media":25804,"comment_status":"open","ping_status":"closed","template":"","meta":[],"product_brand":[],"product_cat":[152],"product_tag":[128,31,188],"class_list":{"0":"post-25803","1":"product","2":"type-product","3":"status-publish","4":"has-post-thumbnail","6":"product_cat-plano-de-curso","7":"product_tag-atividades-adaptadas","8":"product_tag-atividades-ludicas","9":"product_tag-itinerarios-mg","11":"first","12":"instock","13":"virtual","14":"taxable","15":"purchasable","16":"product-type-simple"},"_links":{"self":[{"href":"https:\/\/cacapalavrasdidaticos.com.br\/site\/wp-json\/wp\/v2\/product\/25803","targetHints":{"allow":["GET"]}}],"collection":[{"href":"https:\/\/cacapalavrasdidaticos.com.br\/site\/wp-json\/wp\/v2\/product"}],"about":[{"href":"https:\/\/cacapalavrasdidaticos.com.br\/site\/wp-json\/wp\/v2\/types\/product"}],"replies":[{"embeddable":true,"href":"https:\/\/cacapalavrasdidaticos.com.br\/site\/wp-json\/wp\/v2\/comments?post=25803"}],"wp:featuredmedia":[{"embeddable":true,"href":"https:\/\/cacapalavrasdidaticos.com.br\/site\/wp-json\/wp\/v2\/media\/25804"}],"wp:attachment":[{"href":"https:\/\/cacapalavrasdidaticos.com.br\/site\/wp-json\/wp\/v2\/media?parent=25803"}],"wp:term":[{"taxonomy":"product_brand","embeddable":true,"href":"https:\/\/cacapalavrasdidaticos.com.br\/site\/wp-json\/wp\/v2\/product_brand?post=25803"},{"taxonomy":"product_cat","embeddable":true,"href":"https:\/\/cacapalavrasdidaticos.com.br\/site\/wp-json\/wp\/v2\/product_cat?post=25803"},{"taxonomy":"product_tag","embeddable":true,"href":"https:\/\/cacapalavrasdidaticos.com.br\/site\/wp-json\/wp\/v2\/product_tag?post=25803"}],"curies":[{"name":"wp","href":"https:\/\/api.w.org\/{rel}","templated":true}]}}