{"id":24356,"date":"2026-01-28T13:30:28","date_gmt":"2026-01-28T16:30:28","guid":{"rendered":"https:\/\/cacapalavrasdidaticos.com.br\/site\/?post_type=product&#038;p=24356"},"modified":"2026-01-28T14:32:53","modified_gmt":"2026-01-28T17:32:53","slug":"mini-lapbooks-de-geografia-6o-ano-conceitos-geograficos-fundamentais-5-temas","status":"publish","type":"product","link":"https:\/\/cacapalavrasdidaticos.com.br\/site\/produto\/mini-lapbooks-de-geografia-6o-ano-conceitos-geograficos-fundamentais-5-temas\/","title":{"rendered":"MINI LAPBOOKS DE GEOGRAFIA &#8211; 6\u00ba ANO: CONCEITOS GEOGR\u00c1FICOS FUNDAMENTAIS (5 TEMAS)"},"content":{"rendered":"","protected":false},"excerpt":{"rendered":"<p data-start=\"58\" data-end=\"96\"><strong data-start=\"58\" data-end=\"96\">Mini Lapbooks \u2013 Geografia | 6\u00ba Ano<\/strong><\/p>\n<p data-start=\"98\" data-end=\"472\">Material pedag\u00f3gico interativo, alinhado \u00e0 BNCC, que promove a aprendizagem ativa por meio de atividades visuais, investigativas e reflexivas, auxiliando os estudantes a compreender os conceitos geogr\u00e1ficos fundamentais, destacando o papel das paisagens naturais e culturais, das transforma\u00e7\u00f5es no espa\u00e7o ao longo do tempo e da intera\u00e7\u00e3o entre a sociedade e o meio ambiente.<\/p>\n<p data-start=\"474\" data-end=\"503\"><strong data-start=\"474\" data-end=\"503\">Temas e habilidades BNCC:<\/strong><\/p>\n<ul data-start=\"505\" data-end=\"819\">\n<li data-start=\"505\" data-end=\"562\">\n<p data-start=\"507\" data-end=\"562\">Paisagens naturais e culturais do Brasil \u2013 <strong data-start=\"550\" data-end=\"562\">EF06GE01<\/strong><\/p>\n<\/li>\n<li data-start=\"563\" data-end=\"620\">\n<p data-start=\"565\" data-end=\"620\">Mudan\u00e7as nas paisagens ao longo do tempo \u2013 <strong data-start=\"608\" data-end=\"620\">EF06GE02<\/strong><\/p>\n<\/li>\n<li data-start=\"621\" data-end=\"675\">\n<p data-start=\"623\" data-end=\"675\">Paisagens transformadas e humanizadas \u2013 <strong data-start=\"663\" data-end=\"675\">EF06GE03<\/strong><\/p>\n<\/li>\n<li data-start=\"676\" data-end=\"748\">\n<p data-start=\"678\" data-end=\"748\">Espa\u00e7o geogr\u00e1fico: Lugar, paisagem, territ\u00f3rio e regi\u00e3o \u2013 <strong data-start=\"736\" data-end=\"748\">EF06GE04<\/strong><\/p>\n<\/li>\n<li data-start=\"749\" data-end=\"819\">\n<p data-start=\"751\" data-end=\"819\">Sociedade e natureza: A intera\u00e7\u00e3o com o meio ambiente \u2013 <strong data-start=\"807\" data-end=\"819\">EF06GE05<\/strong><\/p>\n<\/li>\n<\/ul>\n<p style=\"text-align: center;\"><strong>AVISO IMPORTANTE:<\/strong><\/p>\n<p style=\"text-align: center;\"><strong>AS APOSTILAS S\u00c3O ENVIADAS EM FORMATO PDF NO EMAIL CADASTRADO NO ATO DA COMPRA. CASO QUEIRA O MATERIAL EM FORMATO IMAGEM JPEG, ENTRE EM CONTATO CONOSCO PELO WHATSAPP: 31-994716920<\/strong><\/p>\n<p style=\"text-align: center;\"><strong>MAIS INFORMA\u00c7\u00d5ES E COMPRA PELO PIX, ENTRE EM CONTATO CONOSCO: 31-994716920. PIX: 31-994716920 (Eduardo de Sousa)<\/strong><\/p>\n<p style=\"text-align: center;\"><strong>ENVIO DO MATERIAL: EM AT\u00c9 1 (UM) DIA \u00daTIL, AP\u00d3S A CONFIRMA\u00c7\u00c3O DO PAGAMENTO<\/strong>\u00a0<strong>(SER\u00c1 ENVIADO UM LINK DO GOOGLE DRIVE NO E-MAIL INFORMADO NO ATO DA COMPRA PARA O DOWNLOAD DA APOSTILA).<\/strong><\/p>\n","protected":false},"featured_media":24357,"comment_status":"open","ping_status":"closed","template":"","meta":[],"product_brand":[],"product_cat":[166,153],"product_tag":[128,31,92,183,182],"class_list":{"0":"post-24356","1":"product","2":"type-product","3":"status-publish","4":"has-post-thumbnail","6":"product_cat-humanidades-e-ciencias-sociais-mg-ensinomedio","7":"product_cat-geografia","8":"product_tag-atividades-adaptadas","9":"product_tag-atividades-ludicas","10":"product_tag-geografia","11":"product_tag-lapbooks","12":"product_tag-mini-lapbooks","14":"first","15":"instock","16":"virtual","17":"taxable","18":"purchasable","19":"product-type-simple"},"_links":{"self":[{"href":"https:\/\/cacapalavrasdidaticos.com.br\/site\/wp-json\/wp\/v2\/product\/24356","targetHints":{"allow":["GET"]}}],"collection":[{"href":"https:\/\/cacapalavrasdidaticos.com.br\/site\/wp-json\/wp\/v2\/product"}],"about":[{"href":"https:\/\/cacapalavrasdidaticos.com.br\/site\/wp-json\/wp\/v2\/types\/product"}],"replies":[{"embeddable":true,"href":"https:\/\/cacapalavrasdidaticos.com.br\/site\/wp-json\/wp\/v2\/comments?post=24356"}],"wp:featuredmedia":[{"embeddable":true,"href":"https:\/\/cacapalavrasdidaticos.com.br\/site\/wp-json\/wp\/v2\/media\/24357"}],"wp:attachment":[{"href":"https:\/\/cacapalavrasdidaticos.com.br\/site\/wp-json\/wp\/v2\/media?parent=24356"}],"wp:term":[{"taxonomy":"product_brand","embeddable":true,"href":"https:\/\/cacapalavrasdidaticos.com.br\/site\/wp-json\/wp\/v2\/product_brand?post=24356"},{"taxonomy":"product_cat","embeddable":true,"href":"https:\/\/cacapalavrasdidaticos.com.br\/site\/wp-json\/wp\/v2\/product_cat?post=24356"},{"taxonomy":"product_tag","embeddable":true,"href":"https:\/\/cacapalavrasdidaticos.com.br\/site\/wp-json\/wp\/v2\/product_tag?post=24356"}],"curies":[{"name":"wp","href":"https:\/\/api.w.org\/{rel}","templated":true}]}}