{"id":24290,"date":"2026-01-26T21:27:50","date_gmt":"2026-01-27T00:27:50","guid":{"rendered":"https:\/\/cacapalavrasdidaticos.com.br\/site\/?post_type=product&#038;p=24290"},"modified":"2026-01-26T21:35:50","modified_gmt":"2026-01-27T00:35:50","slug":"atividades-com-mapas-mentais-de-historia-8o-ano-volume-1-revolucoes-e-movimentos-do-seculo-xix","status":"publish","type":"product","link":"https:\/\/cacapalavrasdidaticos.com.br\/site\/produto\/atividades-com-mapas-mentais-de-historia-8o-ano-volume-1-revolucoes-e-movimentos-do-seculo-xix\/","title":{"rendered":"ATIVIDADES COM MAPAS MENTAIS DE HIST\u00d3RIA &#8211; 8\u00ba ANO (VOLUME 1): REVOLU\u00c7\u00d5ES E MOVIMENTOS DO S\u00c9CULO XIX"},"content":{"rendered":"","protected":false},"excerpt":{"rendered":"<div class=\"flex flex-col text-sm pb-25\">\n<article class=\"text-token-text-primary w-full focus:outline-none [--shadow-height:45px] has-data-writing-block:pointer-events-none has-data-writing-block:-mt-(--shadow-height) has-data-writing-block:pt-(--shadow-height) [&amp;:has([data-writing-block])&gt;*]:pointer-events-auto scroll-mt-[calc(var(--header-height)+min(200px,max(70px,20svh)))]\" dir=\"auto\" tabindex=\"-1\" data-turn-id=\"request-WEB:952fb7d2-1e4f-4473-87e8-b0c956897ad5-4\" data-testid=\"conversation-turn-10\" data-scroll-anchor=\"true\" data-turn=\"assistant\">\n<div class=\"text-base my-auto mx-auto pb-10 [--thread-content-margin:--spacing(4)] @w-sm\/main:[--thread-content-margin:--spacing(6)] @w-lg\/main:[--thread-content-margin:--spacing(16)] px-(--thread-content-margin)\">\n<div class=\"[--thread-content-max-width:40rem] @w-lg\/main:[--thread-content-max-width:48rem] mx-auto max-w-(--thread-content-max-width) flex-1 group\/turn-messages focus-visible:outline-hidden relative flex w-full min-w-0 flex-col agent-turn\" tabindex=\"-1\">\n<div class=\"flex max-w-full flex-col grow\">\n<div class=\"min-h-8 text-message relative flex w-full flex-col items-end gap-2 text-start break-words whitespace-normal [.text-message+&amp;]:mt-1\" dir=\"auto\" data-message-author-role=\"assistant\" data-message-id=\"576709fc-48a0-432c-a264-6ca46efc6820\" data-message-model-slug=\"gpt-4o-mini\">\n<div class=\"flex w-full flex-col gap-1 empty:hidden first:pt-[1px]\">\n<div class=\"markdown prose dark:prose-invert w-full break-words light markdown-new-styling\">\n<p data-start=\"59\" data-end=\"180\">\ud83d\udcda <strong data-start=\"62\" data-end=\"134\">Atividades com Mapas Mentais \u2013 REVOLU\u00c7\u00d5ES E MOVIMENTOS DO S\u00c9CULO XIX<\/strong><br data-start=\"134\" data-end=\"137\" \/><strong data-start=\"137\" data-end=\"180\">8\u00ba ANO DO ENSINO FUNDAMENTAL | VOLUME 1<\/strong><\/p>\n<p data-start=\"182\" data-end=\"262\">\ud83c\udf0d <strong data-start=\"185\" data-end=\"262\">Estudos Dirigidos, Mapas Mentais para Completar e Atividades para Colorir<\/strong><\/p>\n<p data-start=\"264\" data-end=\"293\">\ud83d\udcd8 <strong data-start=\"267\" data-end=\"293\">Conte\u00fados Trabalhados:<\/strong><\/p>\n<ul data-start=\"294\" data-end=\"453\">\n<li data-start=\"294\" data-end=\"342\">\n<p data-start=\"296\" data-end=\"342\">O Iluminismo e suas Influ\u00eancias nas Revolu\u00e7\u00f5es<\/p>\n<\/li>\n<li data-start=\"343\" data-end=\"360\">\n<p data-start=\"345\" data-end=\"360\">O Antigo Regime<\/p>\n<\/li>\n<li data-start=\"361\" data-end=\"376\">\n<p data-start=\"363\" data-end=\"376\">O Liberalismo<\/p>\n<\/li>\n<li data-start=\"377\" data-end=\"406\">\n<p data-start=\"379\" data-end=\"406\">As Revolu\u00e7\u00f5es na Inglaterra<\/p>\n<\/li>\n<li data-start=\"407\" data-end=\"453\">\n<p data-start=\"409\" data-end=\"453\">Declara\u00e7\u00e3o de Direitos de 1689 na Inglaterra<\/p>\n<\/li>\n<\/ul>\n<p data-start=\"455\" data-end=\"824\">\n<p data-start=\"455\" data-end=\"824\">\ud83c\udfaf <strong data-start=\"458\" data-end=\"471\">Objetivo:<\/strong><br data-start=\"471\" data-end=\"474\" \/>Promover a compreens\u00e3o dos principais movimentos e revolu\u00e7\u00f5es do s\u00e9culo XIX de forma ativa, visual e contextualizada, por meio de mapas mentais, estudos dirigidos e atividades para colorir. O material busca estimular o racioc\u00ednio cr\u00edtico, a an\u00e1lise hist\u00f3rica e a reflex\u00e3o sobre os impactos dessas revolu\u00e7\u00f5es na organiza\u00e7\u00e3o pol\u00edtica e social da \u00e9poca.<\/p>\n<p data-start=\"826\" data-end=\"859\">\ud83d\udd0e <strong data-start=\"829\" data-end=\"859\">Para quem \u00e9 este material?<\/strong><\/p>\n<ul data-start=\"860\" data-end=\"1021\">\n<li data-start=\"860\" data-end=\"904\">\n<p data-start=\"862\" data-end=\"904\">Estudantes do 8\u00ba ano do Ensino Fundamental<\/p>\n<\/li>\n<li data-start=\"905\" data-end=\"1021\">\n<p data-start=\"907\" data-end=\"1021\">Professores que buscam atividades visuais, investigativas e conceitualmente estruturadas para o ensino de Hist\u00f3ria<\/p>\n<\/li>\n<\/ul>\n<p data-start=\"1023\" data-end=\"1295\">\ud83c\udf3f <strong data-start=\"1026\" data-end=\"1295\">Transforme o aprendizado de Hist\u00f3ria com mapas mentais estruturados, atividades pr\u00e1ticas e recursos did\u00e1ticos que facilitam a compreens\u00e3o dos movimentos revolucion\u00e1rios, das ideias iluministas, do impacto do liberalismo e das transforma\u00e7\u00f5es pol\u00edticas na Inglaterra.<\/strong><\/p>\n<\/div>\n<\/div>\n<\/div>\n<\/div>\n<div class=\"z-0 flex min-h-[46px] justify-start\"><\/div>\n<div class=\"mt-3 w-full empty:hidden\">\n<div class=\"text-center\"><\/div>\n<\/div>\n<\/div>\n<\/div>\n<\/article>\n<\/div>\n<p style=\"text-align: center;\"><strong>AVISO IMPORTANTE:<\/strong><\/p>\n<p style=\"text-align: center;\"><strong>AS APOSTILAS S\u00c3O ENVIADAS EM FORMATO PDF NO EMAIL CADASTRADO NO ATO DA COMPRA. CASO QUEIRA O MATERIAL EM FORMATO IMAGEM JPEG, ENTRE EM CONTATO CONOSCO PELO WHATSAPP: 31-994716920<\/strong><\/p>\n<p style=\"text-align: center;\"><strong>MAIS INFORMA\u00c7\u00d5ES E COMPRA PELO PIX, ENTRE EM CONTATO CONOSCO: 31-994716920. PIX: 31-994716920 (Eduardo de Sousa)<\/strong><\/p>\n<p style=\"text-align: center;\"><strong>ENVIO DO MATERIAL: EM AT\u00c9 1 (UM) DIA \u00daTIL, AP\u00d3S A CONFIRMA\u00c7\u00c3O DO PAGAMENTO<\/strong>\u00a0<strong>(SER\u00c1 ENVIADO UM LINK DO GOOGLE DRIVE NO E-MAIL INFORMADO NO ATO DA COMPRA PARA O DOWNLOAD DA APOSTILA).<\/strong><\/p>\n","protected":false},"featured_media":24278,"comment_status":"open","ping_status":"closed","template":"","meta":[],"product_brand":[],"product_cat":[23],"product_tag":[128,31,86,37],"class_list":{"0":"post-24290","1":"product","2":"type-product","3":"status-publish","4":"has-post-thumbnail","6":"product_cat-historia","7":"product_tag-atividades-adaptadas","8":"product_tag-atividades-ludicas","9":"product_tag-historia","10":"product_tag-mapas-mentais","12":"first","13":"instock","14":"virtual","15":"taxable","16":"purchasable","17":"product-type-simple"},"_links":{"self":[{"href":"https:\/\/cacapalavrasdidaticos.com.br\/site\/wp-json\/wp\/v2\/product\/24290","targetHints":{"allow":["GET"]}}],"collection":[{"href":"https:\/\/cacapalavrasdidaticos.com.br\/site\/wp-json\/wp\/v2\/product"}],"about":[{"href":"https:\/\/cacapalavrasdidaticos.com.br\/site\/wp-json\/wp\/v2\/types\/product"}],"replies":[{"embeddable":true,"href":"https:\/\/cacapalavrasdidaticos.com.br\/site\/wp-json\/wp\/v2\/comments?post=24290"}],"wp:featuredmedia":[{"embeddable":true,"href":"https:\/\/cacapalavrasdidaticos.com.br\/site\/wp-json\/wp\/v2\/media\/24278"}],"wp:attachment":[{"href":"https:\/\/cacapalavrasdidaticos.com.br\/site\/wp-json\/wp\/v2\/media?parent=24290"}],"wp:term":[{"taxonomy":"product_brand","embeddable":true,"href":"https:\/\/cacapalavrasdidaticos.com.br\/site\/wp-json\/wp\/v2\/product_brand?post=24290"},{"taxonomy":"product_cat","embeddable":true,"href":"https:\/\/cacapalavrasdidaticos.com.br\/site\/wp-json\/wp\/v2\/product_cat?post=24290"},{"taxonomy":"product_tag","embeddable":true,"href":"https:\/\/cacapalavrasdidaticos.com.br\/site\/wp-json\/wp\/v2\/product_tag?post=24290"}],"curies":[{"name":"wp","href":"https:\/\/api.w.org\/{rel}","templated":true}]}}