{"id":23867,"date":"2026-01-12T23:11:50","date_gmt":"2026-01-13T02:11:50","guid":{"rendered":"https:\/\/cacapalavrasdidaticos.com.br\/site\/?post_type=product&#038;p=23867"},"modified":"2026-01-28T14:33:57","modified_gmt":"2026-01-28T17:33:57","slug":"mini-lapbooks-de-ciencias-da-natureza-6o-ano-2o-bimestre-sistema-corpo-humano-visao-e-coordenacao-motora-5-temas","status":"publish","type":"product","link":"https:\/\/cacapalavrasdidaticos.com.br\/site\/produto\/mini-lapbooks-de-ciencias-da-natureza-6o-ano-2o-bimestre-sistema-corpo-humano-visao-e-coordenacao-motora-5-temas\/","title":{"rendered":"MINI LAPBOOKS DE CI\u00caNCIAS DA NATUREZA &#8211; 6\u00ba ANO (2\u00ba BIMESTRE): SISTEMA CORPO HUMANO, VIS\u00c3O E COORDENA\u00c7\u00c3O MOTORA (5 TEMAS)"},"content":{"rendered":"","protected":false},"excerpt":{"rendered":"<p data-start=\"112\" data-end=\"216\"><strong data-start=\"112\" data-end=\"161\">Mini Lapbooks \u2013 Ci\u00eancias da Natureza | 6\u00ba Ano<\/strong><br data-start=\"161\" data-end=\"164\" \/><strong data-start=\"164\" data-end=\"216\">Sistema Corpo Humano, Vis\u00e3o e Coordena\u00e7\u00e3o Motora<\/strong><\/p>\n<p data-start=\"218\" data-end=\"710\">Material pedag\u00f3gico interativo, desenvolvido de acordo com a <strong data-start=\"279\" data-end=\"287\">BNCC<\/strong>, que visa promover a <strong data-start=\"309\" data-end=\"331\">aprendizagem ativa<\/strong> por meio de atividades visuais, reflexivas e investigativas. Este material auxilia os estudantes a compreender o <strong data-start=\"445\" data-end=\"461\">corpo humano<\/strong>, o funcionamento dos <strong data-start=\"483\" data-end=\"515\">sistemas locomotor e nervoso<\/strong>, a <strong data-start=\"519\" data-end=\"567\">import\u00e2ncia da vis\u00e3o na intera\u00e7\u00e3o com o meio<\/strong> e os <strong data-start=\"573\" data-end=\"608\">processos de coordena\u00e7\u00e3o motora<\/strong>, estimulando o desenvolvimento de habilidades essenciais para a forma\u00e7\u00e3o <strong data-start=\"682\" data-end=\"709\">cr\u00edtica e participativa<\/strong>.<\/p>\n<p data-start=\"712\" data-end=\"1114\">Organizado em mini lapbooks, o material apresenta textos sint\u00e9ticos, perguntas orientadoras, espa\u00e7os de reflex\u00e3o e atividades pr\u00e1ticas que favorecem a constru\u00e7\u00e3o do conhecimento de forma visual, organizada e significativa. A proposta incentiva o protagonismo do estudante, o racioc\u00ednio cient\u00edfico e a rela\u00e7\u00e3o entre os conte\u00fados estudados e o cotidiano, respeitando os diferentes ritmos de aprendizagem.<\/p>\n<h3 data-start=\"1116\" data-end=\"1148\">Temas e habilidades da BNCC:<\/h3>\n<ul data-start=\"1150\" data-end=\"1437\">\n<li data-start=\"1150\" data-end=\"1197\">\n<p data-start=\"1152\" data-end=\"1197\">A c\u00e9lula: estrutura e fun\u00e7\u00e3o \u2013 <strong data-start=\"1183\" data-end=\"1195\">EF06CI01<\/strong><\/p>\n<\/li>\n<li data-start=\"1198\" data-end=\"1245\">\n<p data-start=\"1200\" data-end=\"1245\">Sistemas locomotor e nervoso \u2013 <strong data-start=\"1231\" data-end=\"1243\">EF06CI07<\/strong><\/p>\n<\/li>\n<li data-start=\"1246\" data-end=\"1315\">\n<p data-start=\"1248\" data-end=\"1315\">A import\u00e2ncia da vis\u00e3o para a intera\u00e7\u00e3o com o meio \u2013 <strong data-start=\"1301\" data-end=\"1313\">EF06CI08<\/strong><\/p>\n<\/li>\n<li data-start=\"1316\" data-end=\"1371\">\n<p data-start=\"1318\" data-end=\"1371\">Defeitos visuais e lentes corretivas \u2013 <strong data-start=\"1357\" data-end=\"1369\">EF06CI08<\/strong><\/p>\n<\/li>\n<li data-start=\"1372\" data-end=\"1437\">\n<p data-start=\"1374\" data-end=\"1437\">O papel do sistema nervoso na coordena\u00e7\u00e3o motora \u2013 <strong data-start=\"1425\" data-end=\"1437\">EF06CI07<\/strong><\/p>\n<\/li>\n<\/ul>\n<p>&nbsp;<\/p>\n<p style=\"text-align: center;\"><strong>AVISO IMPORTANTE:<\/strong><\/p>\n<p style=\"text-align: center;\"><strong>AS APOSTILAS S\u00c3O ENVIADAS EM FORMATO PDF NO EMAIL CADASTRADO NO ATO DA COMPRA. CASO QUEIRA O MATERIAL EM FORMATO IMAGEM JPEG, ENTRE EM CONTATO CONOSCO PELO WHATSAPP: 31-994716920<\/strong><\/p>\n<p style=\"text-align: center;\"><strong>MAIS INFORMA\u00c7\u00d5ES E COMPRA PELO PIX, ENTRE EM CONTATO CONOSCO: 31-994716920. PIX: 31-994716920 (Eduardo de Sousa)<\/strong><\/p>\n<p style=\"text-align: center;\"><strong>ENVIO DO MATERIAL: EM AT\u00c9 1 (UM) DIA \u00daTIL, AP\u00d3S A CONFIRMA\u00c7\u00c3O DO PAGAMENTO<\/strong>\u00a0<strong>(SER\u00c1 ENVIADO UM LINK DO GOOGLE DRIVE NO E-MAIL INFORMADO NO ATO DA COMPRA PARA O DOWNLOAD DA APOSTILA).<\/strong><\/p>\n","protected":false},"featured_media":23868,"comment_status":"open","ping_status":"closed","template":"","meta":[],"product_brand":[],"product_cat":[24],"product_tag":[128,31,183,182],"class_list":{"0":"post-23867","1":"product","2":"type-product","3":"status-publish","4":"has-post-thumbnail","6":"product_cat-ciencias","7":"product_tag-atividades-adaptadas","8":"product_tag-atividades-ludicas","9":"product_tag-lapbooks","10":"product_tag-mini-lapbooks","12":"first","13":"instock","14":"virtual","15":"taxable","16":"purchasable","17":"product-type-simple"},"_links":{"self":[{"href":"https:\/\/cacapalavrasdidaticos.com.br\/site\/wp-json\/wp\/v2\/product\/23867","targetHints":{"allow":["GET"]}}],"collection":[{"href":"https:\/\/cacapalavrasdidaticos.com.br\/site\/wp-json\/wp\/v2\/product"}],"about":[{"href":"https:\/\/cacapalavrasdidaticos.com.br\/site\/wp-json\/wp\/v2\/types\/product"}],"replies":[{"embeddable":true,"href":"https:\/\/cacapalavrasdidaticos.com.br\/site\/wp-json\/wp\/v2\/comments?post=23867"}],"wp:featuredmedia":[{"embeddable":true,"href":"https:\/\/cacapalavrasdidaticos.com.br\/site\/wp-json\/wp\/v2\/media\/23868"}],"wp:attachment":[{"href":"https:\/\/cacapalavrasdidaticos.com.br\/site\/wp-json\/wp\/v2\/media?parent=23867"}],"wp:term":[{"taxonomy":"product_brand","embeddable":true,"href":"https:\/\/cacapalavrasdidaticos.com.br\/site\/wp-json\/wp\/v2\/product_brand?post=23867"},{"taxonomy":"product_cat","embeddable":true,"href":"https:\/\/cacapalavrasdidaticos.com.br\/site\/wp-json\/wp\/v2\/product_cat?post=23867"},{"taxonomy":"product_tag","embeddable":true,"href":"https:\/\/cacapalavrasdidaticos.com.br\/site\/wp-json\/wp\/v2\/product_tag?post=23867"}],"curies":[{"name":"wp","href":"https:\/\/api.w.org\/{rel}","templated":true}]}}