{"id":23057,"date":"2025-11-03T23:51:17","date_gmt":"2025-11-04T02:51:17","guid":{"rendered":"https:\/\/cacapalavrasdidaticos.com.br\/site\/?post_type=product&#038;p=23057"},"modified":"2025-12-01T01:31:52","modified_gmt":"2025-12-01T04:31:52","slug":"lingua-portuguesa-gramatica-estudo-da-palavra-volume-5","status":"publish","type":"product","link":"https:\/\/cacapalavrasdidaticos.com.br\/site\/produto\/lingua-portuguesa-gramatica-estudo-da-palavra-volume-5\/","title":{"rendered":"L\u00cdNGUA PORTUGUESA &#8211; GRAM\u00c1TICA ESTUDO DA PALAVRA (VOLUME 5)"},"content":{"rendered":"","protected":false},"excerpt":{"rendered":"<p class=\"\" data-start=\"2103\" data-end=\"2273\">\ud83d\udcd5 <strong data-start=\"2106\" data-end=\"2174\">Volume 5 \u2013 Gram\u00e1tica: Leitura e Produ\u00e7\u00e3o de Textos (87 P\u00c1GINAS)<\/strong><br data-start=\"2174\" data-end=\"2177\" \/>Este volume re\u00fane conte\u00fados essenciais para a <strong>An\u00e1lise e Interpreta\u00e7\u00e3o de Textos<\/strong>, abordando:<\/p>\n<ul>\n<li data-start=\"2276\" data-end=\"2295\">Intertextualidade<\/li>\n<li data-start=\"2276\" data-end=\"2295\">Infer\u00eancias em textos liter\u00e1rios<\/li>\n<li data-start=\"2276\" data-end=\"2295\">Contos Populares<\/li>\n<li data-start=\"2276\" data-end=\"2295\">Os sons do \u201cX\u201d<\/li>\n<li data-start=\"2276\" data-end=\"2295\">Acento diferencial<\/li>\n<li data-start=\"2276\" data-end=\"2295\">Palavras Par\u00f4nimas<\/li>\n<li data-start=\"2276\" data-end=\"2295\">Mitos<\/li>\n<li data-start=\"2276\" data-end=\"2295\">Biografia e Autobiografia<\/li>\n<li data-start=\"2276\" data-end=\"2295\">Leitura e Compreens\u00e3o de textos<\/li>\n<\/ul>\n<p class=\"\" data-start=\"2488\" data-end=\"2724\">\ud83d\udcd6 O material apresenta explica\u00e7\u00f5es acess\u00edveis, exemplos do cotidiano, compara\u00e7\u00f5es entre usos, mapas mentais e quest\u00f5es de m\u00faltipla escolha e interpreta\u00e7\u00e3o.<br data-start=\"2644\" data-end=\"2647\" \/>\ud83d\udde3\ufe0f \u00d3timo recurso para trabalhar leitura cr\u00edtica e criatividade na linguagem!<\/p>\n<p style=\"text-align: center;\">Delicie-se e leve para a sua sala de aula mais essa experi\u00eancia l\u00fadica e did\u00e1tica.<\/p>\n<p>&nbsp;<\/p>\n<p style=\"text-align: center;\"><strong>AVISO IMPORTANTE:<\/strong><\/p>\n<p style=\"text-align: center;\"><strong>AS APOSTILAS S\u00c3O ENVIADAS EM FORMATO PDF NO EMAIL CADASTRADO NO ATO DA COMPRA. CASO QUEIRA O MATERIAL EM FORMATO IMAGEM JPEG, ENTRE EM CONTATO CONOSCO PELO WHATSAPP: 31-994716920<\/strong><\/p>\n<p style=\"text-align: center;\"><strong>MAIS INFORMA\u00c7\u00d5ES E COMPRA PELO PIX: 31-994716920 (Eduardo de Sousa)<\/strong><\/p>\n<p style=\"text-align: center;\"><strong>ENVIO DO MATERIAL: EM AT\u00c9 1 (UM) DIA \u00daTIL, AP\u00d3S A CONFIRMA\u00c7\u00c3O DO PAGAMENTO<\/strong>\u00a0<strong>(SER\u00c1 ENVIADO UM LINK DO GOOGLE DRIVE NO E-MAIL INFORMADO NO ATO DA COMPRA PARA O DOWNLOAD DA APOSTILA).<\/strong><\/p>\n","protected":false},"featured_media":23058,"comment_status":"open","ping_status":"closed","template":"","meta":[],"product_brand":[],"product_cat":[44],"product_tag":[31,101,32,33,34,36,37],"class_list":{"0":"post-23057","1":"product","2":"type-product","3":"status-publish","4":"has-post-thumbnail","6":"product_cat-lingua-portuguesa","7":"product_tag-atividades-ludicas","8":"product_tag-bncc","9":"product_tag-caca-palavras","10":"product_tag-criptogramas","11":"product_tag-cruzadinhas","12":"product_tag-mapas-conceituais","13":"product_tag-mapas-mentais","15":"first","16":"instock","17":"sale","18":"virtual","19":"taxable","20":"purchasable","21":"product-type-simple"},"_links":{"self":[{"href":"https:\/\/cacapalavrasdidaticos.com.br\/site\/wp-json\/wp\/v2\/product\/23057","targetHints":{"allow":["GET"]}}],"collection":[{"href":"https:\/\/cacapalavrasdidaticos.com.br\/site\/wp-json\/wp\/v2\/product"}],"about":[{"href":"https:\/\/cacapalavrasdidaticos.com.br\/site\/wp-json\/wp\/v2\/types\/product"}],"replies":[{"embeddable":true,"href":"https:\/\/cacapalavrasdidaticos.com.br\/site\/wp-json\/wp\/v2\/comments?post=23057"}],"wp:featuredmedia":[{"embeddable":true,"href":"https:\/\/cacapalavrasdidaticos.com.br\/site\/wp-json\/wp\/v2\/media\/23058"}],"wp:attachment":[{"href":"https:\/\/cacapalavrasdidaticos.com.br\/site\/wp-json\/wp\/v2\/media?parent=23057"}],"wp:term":[{"taxonomy":"product_brand","embeddable":true,"href":"https:\/\/cacapalavrasdidaticos.com.br\/site\/wp-json\/wp\/v2\/product_brand?post=23057"},{"taxonomy":"product_cat","embeddable":true,"href":"https:\/\/cacapalavrasdidaticos.com.br\/site\/wp-json\/wp\/v2\/product_cat?post=23057"},{"taxonomy":"product_tag","embeddable":true,"href":"https:\/\/cacapalavrasdidaticos.com.br\/site\/wp-json\/wp\/v2\/product_tag?post=23057"}],"curies":[{"name":"wp","href":"https:\/\/api.w.org\/{rel}","templated":true}]}}