{"id":22984,"date":"2025-11-02T23:04:36","date_gmt":"2025-11-03T02:04:36","guid":{"rendered":"https:\/\/cacapalavrasdidaticos.com.br\/site\/?post_type=product&#038;p=22984"},"modified":"2025-12-01T00:52:08","modified_gmt":"2025-12-01T03:52:08","slug":"cientistas-negras-e-negros","status":"publish","type":"product","link":"https:\/\/cacapalavrasdidaticos.com.br\/site\/produto\/cientistas-negras-e-negros\/","title":{"rendered":"CIENTISTAS NEGRAS E NEGROS"},"content":{"rendered":"","protected":false},"excerpt":{"rendered":"<p data-start=\"289\" data-end=\"666\"><strong data-start=\"289\" data-end=\"369\">Descubra, aprenda e inspire-se com as hist\u00f3rias que transformaram a ci\u00eancia!<\/strong><br data-start=\"369\" data-end=\"372\" \/>Este material re\u00fane <strong data-start=\"392\" data-end=\"489\">atividades completas, ca\u00e7a-palavras, cruzadinhas, textos tem\u00e1ticos e ilustra\u00e7\u00f5es para colorir<\/strong>, destacando grandes nomes como <strong data-start=\"521\" data-end=\"651\">Katherine Johnson, Patricia Bath, Milton Santos, Marielle Franco, Wangari Maathai, Beth Koigi, Alice Ball, Dra. Jaqueline Goes<\/strong>, entre outros.<\/p>\n<p data-start=\"668\" data-end=\"725\">\n<p data-start=\"668\" data-end=\"725\">\ud83d\udca1 <strong data-start=\"671\" data-end=\"710\">Conte\u00fado pedag\u00f3gico alinhado \u00e0 BNCC<\/strong>, que estimula:<\/p>\n<ul data-start=\"726\" data-end=\"883\">\n<li data-start=\"726\" data-end=\"763\">\n<p data-start=\"728\" data-end=\"763\">Leitura cr\u00edtica e interdisciplinar;<\/p>\n<\/li>\n<li data-start=\"764\" data-end=\"823\">\n<p data-start=\"766\" data-end=\"823\">Valoriza\u00e7\u00e3o da diversidade e da representatividade negra;<\/p>\n<\/li>\n<li data-start=\"824\" data-end=\"883\">\n<p data-start=\"826\" data-end=\"883\">Reflex\u00e3o sobre igualdade, inclus\u00e3o e inova\u00e7\u00e3o cient\u00edfica.<\/p>\n<\/li>\n<\/ul>\n<p data-start=\"885\" data-end=\"984\">\ud83c\udf0d Ideal para professores comprometidos com uma <strong data-start=\"933\" data-end=\"983\">educa\u00e7\u00e3o antirracista, plural e transformadora<\/strong>.<\/p>\n<p data-start=\"885\" data-end=\"984\">\n<p data-start=\"885\" data-end=\"984\"><strong>Este material cont\u00e9m:<\/strong><\/p>\n<ul>\n<li><strong>Planejamento bimestral<\/strong><\/li>\n<li><strong>Estudos dirigidos e atividades relacionadas na sequ\u00eancia;<\/strong><\/li>\n<li><strong>Ca\u00e7a-palavras;<\/strong><\/li>\n<li><strong>Cruzadinhas;<\/strong><\/li>\n<li><strong>Atividades orientadas para colorir;<\/strong><\/li>\n<li><strong>Gabaritos de todas as atividades.<\/strong><\/li>\n<\/ul>\n<p><strong>\u00a0 \u00a0 \u00a0 63 P\u00c1GINAS<\/strong><\/p>\n<p>&nbsp;<\/p>\n<p style=\"text-align: center;\"><strong>AVISO IMPORTANTE:<\/strong><\/p>\n<p style=\"text-align: center;\"><strong>AS APOSTILAS S\u00c3O ENVIADAS EM FORMATO PDF NO EMAIL CADASTRADO NO ATO DA COMPRA. CASO QUEIRA O MATERIAL EM FORMATO IMAGEM JPEG, ENTRE EM CONTATO CONOSCO PELO WHATSAPP: 31-994716920<\/strong><\/p>\n<p style=\"text-align: center;\"><strong>MAIS INFORMA\u00c7\u00d5ES E COMPRA PELO PIX: 31-994716920 (Eduardo de Sousa)<\/strong><\/p>\n<p style=\"text-align: center;\"><strong>ENVIO DO MATERIAL: EM AT\u00c9 1 (UM) DIA \u00daTIL, AP\u00d3S A CONFIRMA\u00c7\u00c3O DO PAGAMENTO<\/strong>\u00a0<strong>(SER\u00c1 ENVIADO UM LINK DO GOOGLE DRIVE NO E-MAIL INFORMADO NO ATO DA COMPRA PARA O DOWNLOAD DA APOSTILA).<\/strong><\/p>\n","protected":false},"featured_media":22985,"comment_status":"open","ping_status":"closed","template":"","meta":[],"product_brand":[],"product_cat":[54,24,160,159,153,23],"product_tag":[31,101,32,33,34,114,86,36,37],"class_list":{"0":"post-22984","1":"product","2":"type-product","3":"status-publish","4":"has-post-thumbnail","6":"product_cat-biologia","7":"product_cat-ciencias","8":"product_cat-datas-comemorativas","9":"product_cat-eletivas","10":"product_cat-geografia","11":"product_cat-historia","12":"product_tag-atividades-ludicas","13":"product_tag-bncc","14":"product_tag-caca-palavras","15":"product_tag-criptogramas","16":"product_tag-cruzadinhas","17":"product_tag-ensino-fundamental-2","18":"product_tag-historia","19":"product_tag-mapas-conceituais","20":"product_tag-mapas-mentais","22":"first","23":"instock","24":"virtual","25":"taxable","26":"purchasable","27":"product-type-simple"},"_links":{"self":[{"href":"https:\/\/cacapalavrasdidaticos.com.br\/site\/wp-json\/wp\/v2\/product\/22984","targetHints":{"allow":["GET"]}}],"collection":[{"href":"https:\/\/cacapalavrasdidaticos.com.br\/site\/wp-json\/wp\/v2\/product"}],"about":[{"href":"https:\/\/cacapalavrasdidaticos.com.br\/site\/wp-json\/wp\/v2\/types\/product"}],"replies":[{"embeddable":true,"href":"https:\/\/cacapalavrasdidaticos.com.br\/site\/wp-json\/wp\/v2\/comments?post=22984"}],"wp:featuredmedia":[{"embeddable":true,"href":"https:\/\/cacapalavrasdidaticos.com.br\/site\/wp-json\/wp\/v2\/media\/22985"}],"wp:attachment":[{"href":"https:\/\/cacapalavrasdidaticos.com.br\/site\/wp-json\/wp\/v2\/media?parent=22984"}],"wp:term":[{"taxonomy":"product_brand","embeddable":true,"href":"https:\/\/cacapalavrasdidaticos.com.br\/site\/wp-json\/wp\/v2\/product_brand?post=22984"},{"taxonomy":"product_cat","embeddable":true,"href":"https:\/\/cacapalavrasdidaticos.com.br\/site\/wp-json\/wp\/v2\/product_cat?post=22984"},{"taxonomy":"product_tag","embeddable":true,"href":"https:\/\/cacapalavrasdidaticos.com.br\/site\/wp-json\/wp\/v2\/product_tag?post=22984"}],"curies":[{"name":"wp","href":"https:\/\/api.w.org\/{rel}","templated":true}]}}