{"id":18920,"date":"2025-05-25T00:43:08","date_gmt":"2025-05-25T03:43:08","guid":{"rendered":"https:\/\/cacapalavrasdidaticos.com.br\/site\/?post_type=product&#038;p=18920"},"modified":"2025-12-01T08:44:04","modified_gmt":"2025-12-01T11:44:04","slug":"globalizacao-tecnologia-e-trabalho-eletiva-anual-volume-2","status":"publish","type":"product","link":"https:\/\/cacapalavrasdidaticos.com.br\/site\/produto\/globalizacao-tecnologia-e-trabalho-eletiva-anual-volume-2\/","title":{"rendered":"GLOBALIZA\u00c7\u00c3O, TECNOLOGIA E TRABALHO &#8211; ELETIVA ANUAL (VOLUME 2)"},"content":{"rendered":"","protected":false},"excerpt":{"rendered":"<h2 data-start=\"160\" data-end=\"219\">\ud83c\udf10 Globaliza\u00e7\u00e3o: Conectando o mundo, repensando o futuro<\/h2>\n<p data-start=\"221\" data-end=\"451\">\ud83d\udcf2 Voc\u00ea j\u00e1 parou para pensar como as decis\u00f5es tomadas em outro pa\u00eds podem impactar sua vida aqui no Brasil? A globaliza\u00e7\u00e3o vai al\u00e9m das fronteiras \u2014 ela transforma a economia, o trabalho, a cultura e at\u00e9 os nossos h\u00e1bitos di\u00e1rios.<\/p>\n<p data-start=\"453\" data-end=\"710\">\ud83d\udcd8 Na <strong data-start=\"459\" data-end=\"492\">Eletiva Anual de Globaliza\u00e7\u00e3o<\/strong>, voc\u00ea vai analisar como o mundo est\u00e1 interligado e como essa interdepend\u00eancia traz <strong data-start=\"576\" data-end=\"619\">oportunidades, desafios e desigualdades<\/strong>. Vamos entender juntos como lidar com um mundo cada vez mais digital, veloz e competitivo.<\/p>\n<hr data-start=\"712\" data-end=\"715\" \/>\n<h3 data-start=\"717\" data-end=\"748\">\ud83c\udf0d O que voc\u00ea vai aprender?<\/h3>\n<p data-start=\"750\" data-end=\"1132\">\u2705 Os efeitos da globaliza\u00e7\u00e3o no mercado de trabalho e nas rela\u00e7\u00f5es culturais<br data-start=\"826\" data-end=\"829\" \/>\u2705 A exclus\u00e3o digital e as desigualdades sociais no mundo conectado<br data-start=\"895\" data-end=\"898\" \/>\u2705 O papel das tecnologias emergentes na economia criativa e no empreendedorismo<br data-start=\"977\" data-end=\"980\" \/>\u2705 O impacto da globaliza\u00e7\u00e3o nas mudan\u00e7as clim\u00e1ticas e na sustentabilidade<br data-start=\"1053\" data-end=\"1056\" \/>\u2705 Como se preparar para os novos perfis profissionais exigidos globalmente<\/p>\n<hr data-start=\"1134\" data-end=\"1137\" \/>\n<p data-start=\"1139\" data-end=\"1280\">\ud83d\udca1 <strong data-start=\"1142\" data-end=\"1185\">Pense globalmente, aja com consci\u00eancia!<\/strong><br data-start=\"1185\" data-end=\"1188\" \/>Essa \u00e9 a sua chance de entender o mundo em que vivemos e se preparar para fazer a diferen\u00e7a.<\/p>\n<p data-start=\"1139\" data-end=\"1280\">\n<p style=\"margin: 0cm;\"><strong>84 P\u00c1GINAS<\/strong><\/p>\n<p><strong>O material cont\u00e9m:<\/strong><\/p>\n<ul>\n<li><strong>Planejamento anual;<\/strong><\/li>\n<li><strong>Estudos dirigidos;<\/strong><\/li>\n<li><strong>Quest\u00f5es abertas e fechadas;<\/strong><\/li>\n<li><strong>Cruzadinhas;<\/strong><\/li>\n<li><strong>Ca\u00e7a-palavras;<\/strong><\/li>\n<li><strong>Gabaritos.<\/strong><\/li>\n<\/ul>\n<p>&nbsp;<\/p>\n<p style=\"text-align: center;\"><strong>AVISO IMPORTANTE:<\/strong><\/p>\n<p style=\"text-align: center;\"><strong>AS APOSTILAS S\u00c3O ENVIADAS EM FORMATO PDF NO EMAIL CADASTRADO NO ATO DA COMPRA. CASO QUEIRA O MATERIAL EM FORMATO IMAGEM JPEG, ENTRE EM CONTATO CONOSCO PELO WHATSAPP: 31-994716920<\/strong><\/p>\n<p style=\"text-align: center;\"><strong>MAIS INFORMA\u00c7\u00d5ES E COMPRA PELO PIX, ENTRE EM CONTATO CONOSCO: 31-994716920. PIX: 31-994716920 (Eduardo de Sousa)<\/strong><\/p>\n<p style=\"text-align: center;\"><strong>ENVIO DO MATERIAL: EM AT\u00c9 1 (UM) DIA \u00daTIL, AP\u00d3S A CONFIRMA\u00c7\u00c3O DO PAGAMENTO<\/strong>\u00a0<strong>(SER\u00c1 ENVIADO UM LINK DO GOOGLE DRIVE NO E-MAIL INFORMADO NO ATO DA COMPRA PARA O DOWNLOAD DA APOSTILA).<\/strong><\/p>\n","protected":false},"featured_media":18921,"comment_status":"open","ping_status":"closed","template":"","meta":[],"product_brand":[],"product_cat":[159,153],"product_tag":[128,31,34,35,172,132],"class_list":{"0":"post-18920","1":"product","2":"type-product","3":"status-publish","4":"has-post-thumbnail","6":"product_cat-eletivas","7":"product_cat-geografia","8":"product_tag-atividades-adaptadas","9":"product_tag-atividades-ludicas","10":"product_tag-cruzadinhas","11":"product_tag-ensino-medio","12":"product_tag-estudos-dirigidos","13":"product_tag-questoes-abertas","15":"first","16":"instock","17":"virtual","18":"taxable","19":"purchasable","20":"product-type-simple"},"_links":{"self":[{"href":"https:\/\/cacapalavrasdidaticos.com.br\/site\/wp-json\/wp\/v2\/product\/18920","targetHints":{"allow":["GET"]}}],"collection":[{"href":"https:\/\/cacapalavrasdidaticos.com.br\/site\/wp-json\/wp\/v2\/product"}],"about":[{"href":"https:\/\/cacapalavrasdidaticos.com.br\/site\/wp-json\/wp\/v2\/types\/product"}],"replies":[{"embeddable":true,"href":"https:\/\/cacapalavrasdidaticos.com.br\/site\/wp-json\/wp\/v2\/comments?post=18920"}],"wp:featuredmedia":[{"embeddable":true,"href":"https:\/\/cacapalavrasdidaticos.com.br\/site\/wp-json\/wp\/v2\/media\/18921"}],"wp:attachment":[{"href":"https:\/\/cacapalavrasdidaticos.com.br\/site\/wp-json\/wp\/v2\/media?parent=18920"}],"wp:term":[{"taxonomy":"product_brand","embeddable":true,"href":"https:\/\/cacapalavrasdidaticos.com.br\/site\/wp-json\/wp\/v2\/product_brand?post=18920"},{"taxonomy":"product_cat","embeddable":true,"href":"https:\/\/cacapalavrasdidaticos.com.br\/site\/wp-json\/wp\/v2\/product_cat?post=18920"},{"taxonomy":"product_tag","embeddable":true,"href":"https:\/\/cacapalavrasdidaticos.com.br\/site\/wp-json\/wp\/v2\/product_tag?post=18920"}],"curies":[{"name":"wp","href":"https:\/\/api.w.org\/{rel}","templated":true}]}}