{"id":18640,"date":"2025-05-16T22:08:54","date_gmt":"2025-05-17T01:08:54","guid":{"rendered":"https:\/\/cacapalavrasdidaticos.com.br\/site\/?post_type=product&#038;p=18640"},"modified":"2025-12-01T10:20:58","modified_gmt":"2025-12-01T13:20:58","slug":"uno-projeto-de-vida-um-oceano-de-possibilidades","status":"publish","type":"product","link":"https:\/\/cacapalavrasdidaticos.com.br\/site\/produto\/uno-projeto-de-vida-um-oceano-de-possibilidades\/","title":{"rendered":"UNO \u2013 Projeto de Vida: Um Oceano de Possibilidades"},"content":{"rendered":"","protected":false},"excerpt":{"rendered":"<p class=\"\" data-start=\"241\" data-end=\"399\">\ud83c\udf0a <strong data-start=\"282\" data-end=\"336\">UNO \u2013 Projeto de Vida: Um Oceano de Possibilidades<\/strong> \ud83c\udf0a\u00a0<br data-start=\"339\" data-end=\"342\" \/>\ud83d\udca1 <em data-start=\"345\" data-end=\"399\">Autoconhecimento, Reflex\u00e3o e Divers\u00e3o em um s\u00f3 jogo!<\/em><\/p>\n<p class=\"\" data-start=\"401\" data-end=\"574\">\ud83d\udcda Desenvolvido para alunos do Ensino Fundamental II e M\u00e9dio, este recurso transforma o tradicional jogo de cartas UNO em uma ferramenta educativa e interativa que estimula:<\/p>\n<p class=\"\" data-start=\"576\" data-end=\"743\">\u2705 <strong data-start=\"578\" data-end=\"611\">Reflex\u00e3o sobre sonhos e metas<\/strong><br data-start=\"611\" data-end=\"614\" \/>\u2705 <strong data-start=\"616\" data-end=\"650\">Desenvolvimento socioemocional<\/strong><br data-start=\"650\" data-end=\"653\" \/>\u2705 <strong data-start=\"655\" data-end=\"696\">Planejamento de vida com protagonismo<\/strong><br data-start=\"696\" data-end=\"699\" \/>\u2705 <strong data-start=\"701\" data-end=\"743\">Di\u00e1logo e escuta ativa em sala de aula<\/strong><\/p>\n<p data-start=\"576\" data-end=\"743\">\n<p data-start=\"576\" data-end=\"743\"><strong>19 P\u00c1GINAS<\/strong><\/p>\n<p class=\"\" data-start=\"745\" data-end=\"888\">\ud83c\udccf Cada cor representa uma dimens\u00e3o essencial:<br data-start=\"791\" data-end=\"794\" \/>\ud83d\udd35 Autoconhecimento | \ud83d\udfe2 Rela\u00e7\u00f5es Interpessoais | \ud83d\udfe1 Carreira e Estudos | \ud83d\udd34 Sa\u00fade e Bem-estar<\/p>\n<p class=\"\" data-start=\"890\" data-end=\"986\">\ud83c\udfaf <em data-start=\"893\" data-end=\"986\">Ideal para atividades de integra\u00e7\u00e3o, fechamento de unidades e rodas de conversa reflexivas!<\/em><\/p>\n<p class=\"\" data-start=\"988\" data-end=\"1154\">\ud83d\udce6 <strong data-start=\"991\" data-end=\"1016\">Conte\u00fado do material:<\/strong><br data-start=\"1016\" data-end=\"1019\" \/>\u2714 Regras adaptadas + cartas tem\u00e1ticas<br data-start=\"1056\" data-end=\"1059\" \/>\u2714 Cartas personaliz\u00e1veis + sugest\u00f5es de perguntas<br data-start=\"1108\" data-end=\"1111\" \/>\u2714 Orienta\u00e7\u00f5es de impress\u00e3o e uso pedag\u00f3gico<\/p>\n<p>&nbsp;<\/p>\n<p style=\"text-align: center;\"><strong>AVISO IMPORTANTE:<\/strong><\/p>\n<p style=\"text-align: center;\"><strong>AS APOSTILAS S\u00c3O ENVIADAS EM FORMATO PDF NO EMAIL CADASTRADO NO ATO DA COMPRA. CASO QUEIRA O MATERIAL EM FORMATO IMAGEM JPEG, ENTRE EM CONTATO CONOSCO PELO WHATSAPP: 31-994716920<\/strong><\/p>\n<p style=\"text-align: center;\"><strong>MAIS INFORMA\u00c7\u00d5ES E COMPRA PELO PIX, ENTRE EM CONTATO CONOSCO: 31-994716920. PIX: 31-994716920 (Eduardo de Sousa)<\/strong><\/p>\n<p style=\"text-align: center;\"><strong>ENVIO DO MATERIAL: EM AT\u00c9 1 (UM) DIA \u00daTIL, AP\u00d3S A CONFIRMA\u00c7\u00c3O DO PAGAMENTO<\/strong>\u00a0<strong>(SER\u00c1 ENVIADO UM LINK DO GOOGLE DRIVE NO E-MAIL INFORMADO NO ATO DA COMPRA PARA O DOWNLOAD DA APOSTILA).<\/strong><\/p>\n","protected":false},"featured_media":18641,"comment_status":"open","ping_status":"closed","template":"","meta":[],"product_brand":[],"product_cat":[167],"product_tag":[128,31,114,172,60,132],"class_list":{"0":"post-18640","1":"product","2":"type-product","3":"status-publish","4":"has-post-thumbnail","6":"product_cat-projeto-de-vida-ensino-fundamental-medio","7":"product_tag-atividades-adaptadas","8":"product_tag-atividades-ludicas","9":"product_tag-ensino-fundamental-2","10":"product_tag-estudos-dirigidos","11":"product_tag-projeto-de-vida","12":"product_tag-questoes-abertas","14":"first","15":"instock","16":"virtual","17":"taxable","18":"purchasable","19":"product-type-simple"},"_links":{"self":[{"href":"https:\/\/cacapalavrasdidaticos.com.br\/site\/wp-json\/wp\/v2\/product\/18640","targetHints":{"allow":["GET"]}}],"collection":[{"href":"https:\/\/cacapalavrasdidaticos.com.br\/site\/wp-json\/wp\/v2\/product"}],"about":[{"href":"https:\/\/cacapalavrasdidaticos.com.br\/site\/wp-json\/wp\/v2\/types\/product"}],"replies":[{"embeddable":true,"href":"https:\/\/cacapalavrasdidaticos.com.br\/site\/wp-json\/wp\/v2\/comments?post=18640"}],"wp:featuredmedia":[{"embeddable":true,"href":"https:\/\/cacapalavrasdidaticos.com.br\/site\/wp-json\/wp\/v2\/media\/18641"}],"wp:attachment":[{"href":"https:\/\/cacapalavrasdidaticos.com.br\/site\/wp-json\/wp\/v2\/media?parent=18640"}],"wp:term":[{"taxonomy":"product_brand","embeddable":true,"href":"https:\/\/cacapalavrasdidaticos.com.br\/site\/wp-json\/wp\/v2\/product_brand?post=18640"},{"taxonomy":"product_cat","embeddable":true,"href":"https:\/\/cacapalavrasdidaticos.com.br\/site\/wp-json\/wp\/v2\/product_cat?post=18640"},{"taxonomy":"product_tag","embeddable":true,"href":"https:\/\/cacapalavrasdidaticos.com.br\/site\/wp-json\/wp\/v2\/product_tag?post=18640"}],"curies":[{"name":"wp","href":"https:\/\/api.w.org\/{rel}","templated":true}]}}