{"id":16979,"date":"2025-03-26T19:54:16","date_gmt":"2025-03-26T22:54:16","guid":{"rendered":"https:\/\/cacapalavrasdidaticos.com.br\/site\/?post_type=product&#038;p=16979"},"modified":"2025-12-01T08:45:35","modified_gmt":"2025-12-01T11:45:35","slug":"globalizacao-tecnologia-e-trabalho-eletiva-anual","status":"publish","type":"product","link":"https:\/\/cacapalavrasdidaticos.com.br\/site\/produto\/globalizacao-tecnologia-e-trabalho-eletiva-anual\/","title":{"rendered":"GLOBALIZA\u00c7\u00c3O, TECNOLOGIA E TRABALHO &#8211; ELETIVA ANUAL"},"content":{"rendered":"","protected":false},"excerpt":{"rendered":"<p class=\"\" data-start=\"892\" data-end=\"951\"><strong data-start=\"892\" data-end=\"951\">Globaliza\u00e7\u00e3o, Tecnologia e Trabalho<\/strong><\/p>\n<p class=\"\" data-start=\"953\" data-end=\"999\">\ud83d\ude80 <strong data-start=\"956\" data-end=\"999\">Seja protagonista na revolu\u00e7\u00e3o digital!<\/strong><\/p>\n<p class=\"\" data-start=\"1001\" data-end=\"1365\">Quer entender como as <strong data-start=\"1023\" data-end=\"1047\">Tecnologias Digitais<\/strong> e a <strong data-start=\"1052\" data-end=\"1079\">Intelig\u00eancia Artificial<\/strong> est\u00e3o transformando o mercado de trabalho? Embarque em nossa <strong data-start=\"1141\" data-end=\"1197\">Eletiva Anual de Globaliza\u00e7\u00e3o, Tecnologia e Trabalho<\/strong> e prepare-se para o futuro! Este material explora como as inova\u00e7\u00f5es tecnol\u00f3gicas moldam as profiss\u00f5es do futuro e desafiam as rela\u00e7\u00f5es sociais, pol\u00edticas e econ\u00f4micas.<\/p>\n<p class=\"\" data-start=\"1367\" data-end=\"1398\">\ud83d\udd39 <strong data-start=\"1370\" data-end=\"1398\">O que voc\u00ea vai aprender?<\/strong><\/p>\n<ul data-start=\"1399\" data-end=\"1571\">\n<li class=\"\" data-start=\"1399\" data-end=\"1445\">\n<p class=\"\" data-start=\"1401\" data-end=\"1445\">O impacto das TDICs e IA no trabalho global.<\/p>\n<\/li>\n<li class=\"\" data-start=\"1446\" data-end=\"1501\">\n<p class=\"\" data-start=\"1448\" data-end=\"1501\">Desafios de privacidade e as novas leis trabalhistas.<\/p>\n<\/li>\n<li class=\"\" data-start=\"1502\" data-end=\"1571\">\n<p class=\"\" data-start=\"1504\" data-end=\"1571\">Como se preparar para um mercado de trabalho em constante evolu\u00e7\u00e3o.<\/p>\n<\/li>\n<\/ul>\n<p class=\"\" data-start=\"1573\" data-end=\"1630\">\ud83c\udf0d <strong data-start=\"1576\" data-end=\"1630\">Este \u00e9 o momento de se destacar no mercado global!<\/strong><\/p>\n<p>&nbsp;<\/p>\n<p style=\"margin: 0cm;\"><strong>62 P\u00c1GINAS<\/strong><\/p>\n<p><strong>O material cont\u00e9m:<\/strong><\/p>\n<ul>\n<li><strong>Planejamento anual;<\/strong><\/li>\n<li><strong>Estudos dirigidos;<\/strong><\/li>\n<li><strong>Quest\u00f5es abertas e fechadas;<\/strong><\/li>\n<li><strong>Cruzadinhas;<\/strong><\/li>\n<li><strong>Ca\u00e7a-palavras;<\/strong><\/li>\n<li><strong>Gabaritos.<\/strong><\/li>\n<\/ul>\n<p>&nbsp;<\/p>\n<p style=\"text-align: center;\"><strong>AVISO IMPORTANTE:<\/strong><\/p>\n<p style=\"text-align: center;\"><strong>AS APOSTILAS S\u00c3O ENVIADAS EM FORMATO PDF NO EMAIL CADASTRADO NO ATO DA COMPRA. CASO QUEIRA O MATERIAL EM FORMATO IMAGEM JPEG, ENTRE EM CONTATO CONOSCO PELO WHATSAPP: 31-994716920<\/strong><\/p>\n<p style=\"text-align: center;\"><strong>MAIS INFORMA\u00c7\u00d5ES E COMPRA PELO PIX, ENTRE EM CONTATO CONOSCO: 31-994716920. PIX: 31-994716920 (Eduardo de Sousa)<\/strong><\/p>\n<p style=\"text-align: center;\"><strong>ENVIO DO MATERIAL: EM AT\u00c9 1 (UM) DIA \u00daTIL, AP\u00d3S A CONFIRMA\u00c7\u00c3O DO PAGAMENTO<\/strong>\u00a0<strong>(SER\u00c1 ENVIADO UM LINK DO GOOGLE DRIVE NO E-MAIL INFORMADO NO ATO DA COMPRA PARA O DOWNLOAD DA APOSTILA).<\/strong><\/p>\n","protected":false},"featured_media":16980,"comment_status":"open","ping_status":"closed","template":"","meta":[],"product_brand":[],"product_cat":[159,153],"product_tag":[128,31,34,35,172,132],"class_list":{"0":"post-16979","1":"product","2":"type-product","3":"status-publish","4":"has-post-thumbnail","6":"product_cat-eletivas","7":"product_cat-geografia","8":"product_tag-atividades-adaptadas","9":"product_tag-atividades-ludicas","10":"product_tag-cruzadinhas","11":"product_tag-ensino-medio","12":"product_tag-estudos-dirigidos","13":"product_tag-questoes-abertas","15":"first","16":"instock","17":"virtual","18":"taxable","19":"purchasable","20":"product-type-simple"},"_links":{"self":[{"href":"https:\/\/cacapalavrasdidaticos.com.br\/site\/wp-json\/wp\/v2\/product\/16979","targetHints":{"allow":["GET"]}}],"collection":[{"href":"https:\/\/cacapalavrasdidaticos.com.br\/site\/wp-json\/wp\/v2\/product"}],"about":[{"href":"https:\/\/cacapalavrasdidaticos.com.br\/site\/wp-json\/wp\/v2\/types\/product"}],"replies":[{"embeddable":true,"href":"https:\/\/cacapalavrasdidaticos.com.br\/site\/wp-json\/wp\/v2\/comments?post=16979"}],"wp:featuredmedia":[{"embeddable":true,"href":"https:\/\/cacapalavrasdidaticos.com.br\/site\/wp-json\/wp\/v2\/media\/16980"}],"wp:attachment":[{"href":"https:\/\/cacapalavrasdidaticos.com.br\/site\/wp-json\/wp\/v2\/media?parent=16979"}],"wp:term":[{"taxonomy":"product_brand","embeddable":true,"href":"https:\/\/cacapalavrasdidaticos.com.br\/site\/wp-json\/wp\/v2\/product_brand?post=16979"},{"taxonomy":"product_cat","embeddable":true,"href":"https:\/\/cacapalavrasdidaticos.com.br\/site\/wp-json\/wp\/v2\/product_cat?post=16979"},{"taxonomy":"product_tag","embeddable":true,"href":"https:\/\/cacapalavrasdidaticos.com.br\/site\/wp-json\/wp\/v2\/product_tag?post=16979"}],"curies":[{"name":"wp","href":"https:\/\/api.w.org\/{rel}","templated":true}]}}