{"id":16677,"date":"2025-03-19T11:23:19","date_gmt":"2025-03-19T14:23:19","guid":{"rendered":"https:\/\/cacapalavrasdidaticos.com.br\/site\/?post_type=product&#038;p=16677"},"modified":"2025-12-01T09:32:20","modified_gmt":"2025-12-01T12:32:20","slug":"estudos-dirigidos-de-ensino-religioso-6o-ano-do-ensino-fundamental-1o-bimestre","status":"publish","type":"product","link":"https:\/\/cacapalavrasdidaticos.com.br\/site\/produto\/estudos-dirigidos-de-ensino-religioso-6o-ano-do-ensino-fundamental-1o-bimestre\/","title":{"rendered":"ESTUDOS DIRIGIDOS DE ENSINO RELIGIOSO &#8211; 6\u00ba ANO DO ENSINO FUNDAMENTAL (1\u00ba BIMESTRE)"},"content":{"rendered":"","protected":false},"excerpt":{"rendered":"<p data-start=\"0\" data-end=\"333\">O material <strong data-start=\"11\" data-end=\"105\">&#8220;Ca\u00e7a Atividades Escolares &#8211; Estudos Dirigidos de Ensino Religioso &#8211; 6\u00ba Ano &#8211; 1\u00ba Bimestre&#8221;<\/strong> \u00e9 um compilado de atividades voltado para o ensino religioso no <strong data-start=\"170\" data-end=\"205\">6\u00ba ano do Ensino Fundamental II<\/strong>. Elaborado por <strong data-start=\"221\" data-end=\"241\">Eduardo Menandes<\/strong> e <strong data-start=\"244\" data-end=\"260\">Jo\u00e1s Vicente<\/strong>, ele aborda conceitos fundamentais da disciplina, explorando temas como:<\/p>\n<p><strong>48 P\u00c1GINAS.<\/strong><\/p>\n<ul data-start=\"335\" data-end=\"575\">\n<li data-start=\"335\" data-end=\"381\"><strong data-start=\"337\" data-end=\"380\">Cren\u00e7as religiosas e filosofias de vida<\/strong>;<\/li>\n<li data-start=\"382\" data-end=\"419\"><strong data-start=\"384\" data-end=\"418\">Diversidade de textos sagrados<\/strong>;<\/li>\n<li data-start=\"420\" data-end=\"471\"><strong data-start=\"422\" data-end=\"470\">Influ\u00eancia dos textos religiosos e culturais<\/strong>;<\/li>\n<li data-start=\"472\" data-end=\"524\"><strong data-start=\"474\" data-end=\"523\">Toler\u00e2ncia e respeito \u00e0s tradi\u00e7\u00f5es religiosas<\/strong>;<\/li>\n<li data-start=\"525\" data-end=\"575\"><strong data-start=\"527\" data-end=\"574\">Desafios da tradi\u00e7\u00e3o escrita na era digital<\/strong>.<\/li>\n<\/ul>\n<p data-start=\"577\" data-end=\"790\">O material enfatiza a import\u00e2ncia da tradi\u00e7\u00e3o escrita na preserva\u00e7\u00e3o da mem\u00f3ria coletiva e da identidade cultural, trazendo reflex\u00f5es sobre como textos religiosos e filos\u00f3ficos moldam sociedades ao longo do tempo.<\/p>\n<p data-start=\"792\" data-end=\"869\">Al\u00e9m do conte\u00fado te\u00f3rico, a apostila inclui <strong data-start=\"836\" data-end=\"862\">atividades interativas<\/strong>, como:<\/p>\n<ul data-start=\"870\" data-end=\"1047\">\n<li data-start=\"870\" data-end=\"908\"><strong data-start=\"872\" data-end=\"907\">Quest\u00f5es de compreens\u00e3o textual<\/strong>;<\/li>\n<li data-start=\"909\" data-end=\"952\"><strong data-start=\"911\" data-end=\"926\">Cruzadinhas<\/strong> sobre os temas abordados;<\/li>\n<li data-start=\"953\" data-end=\"991\"><strong data-start=\"955\" data-end=\"990\">Espa\u00e7os para reflex\u00f5es escritas<\/strong>;<\/li>\n<li data-start=\"992\" data-end=\"1047\"><strong data-start=\"994\" data-end=\"1046\">Curiosidades hist\u00f3ricas sobre a tradi\u00e7\u00e3o escrita<\/strong>.<\/li>\n<\/ul>\n<p data-start=\"1049\" data-end=\"1258\" data-is-last-node=\"\" data-is-only-node=\"\">Com um enfoque did\u00e1tico e acess\u00edvel, este material visa estimular o pensamento cr\u00edtico dos alunos e incentiv\u00e1-los a compreender a relev\u00e2ncia dos textos religiosos na constru\u00e7\u00e3o da identidade cultural e social.<\/p>\n<p>&nbsp;<\/p>\n<p>&nbsp;<\/p>\n<p style=\"text-align: center;\">Delicie-se e leve para a sua sala de aula mais essa experi\u00eancia l\u00fadica e did\u00e1tica.<\/p>\n<p>&nbsp;<\/p>\n<p style=\"text-align: center;\"><strong>AVISO IMPORTANTE:<\/strong><\/p>\n<p style=\"text-align: center;\"><strong>AS APOSTILAS S\u00c3O ENVIADAS EM FORMATO PDF NO EMAIL CADASTRADO NO ATO DA COMPRA. CASO QUEIRA O MATERIAL EM FORMATO IMAGEM JPEG, ENTRE EM CONTATO CONOSCO PELO WHATSAPP: 31-994716920<\/strong><\/p>\n<p style=\"text-align: center;\"><strong>MAIS INFORMA\u00c7\u00d5ES E COMPRA PELO PIX: 31-994716920 (Eduardo de Sousa)<\/strong><\/p>\n<p style=\"text-align: center;\"><strong>ENVIO DO MATERIAL: EM AT\u00c9 1 (UM) DIA \u00daTIL, AP\u00d3S A CONFIRMA\u00c7\u00c3O DO PAGAMENTO<\/strong>\u00a0<strong>(SER\u00c1 ENVIADO UM LINK DO GOOGLE DRIVE NO E-MAIL INFORMADO NO ATO DA COMPRA PARA O DOWNLOAD DA APOSTILA).<\/strong><\/p>\n","protected":false},"featured_media":16680,"comment_status":"open","ping_status":"closed","template":"","meta":[],"product_brand":[],"product_cat":[151],"product_tag":[31,101,32,33,34,36,37],"class_list":{"0":"post-16677","1":"product","2":"type-product","3":"status-publish","4":"has-post-thumbnail","6":"product_cat-ension-religioso","7":"product_tag-atividades-ludicas","8":"product_tag-bncc","9":"product_tag-caca-palavras","10":"product_tag-criptogramas","11":"product_tag-cruzadinhas","12":"product_tag-mapas-conceituais","13":"product_tag-mapas-mentais","15":"first","16":"instock","17":"virtual","18":"taxable","19":"purchasable","20":"product-type-simple"},"_links":{"self":[{"href":"https:\/\/cacapalavrasdidaticos.com.br\/site\/wp-json\/wp\/v2\/product\/16677","targetHints":{"allow":["GET"]}}],"collection":[{"href":"https:\/\/cacapalavrasdidaticos.com.br\/site\/wp-json\/wp\/v2\/product"}],"about":[{"href":"https:\/\/cacapalavrasdidaticos.com.br\/site\/wp-json\/wp\/v2\/types\/product"}],"replies":[{"embeddable":true,"href":"https:\/\/cacapalavrasdidaticos.com.br\/site\/wp-json\/wp\/v2\/comments?post=16677"}],"wp:featuredmedia":[{"embeddable":true,"href":"https:\/\/cacapalavrasdidaticos.com.br\/site\/wp-json\/wp\/v2\/media\/16680"}],"wp:attachment":[{"href":"https:\/\/cacapalavrasdidaticos.com.br\/site\/wp-json\/wp\/v2\/media?parent=16677"}],"wp:term":[{"taxonomy":"product_brand","embeddable":true,"href":"https:\/\/cacapalavrasdidaticos.com.br\/site\/wp-json\/wp\/v2\/product_brand?post=16677"},{"taxonomy":"product_cat","embeddable":true,"href":"https:\/\/cacapalavrasdidaticos.com.br\/site\/wp-json\/wp\/v2\/product_cat?post=16677"},{"taxonomy":"product_tag","embeddable":true,"href":"https:\/\/cacapalavrasdidaticos.com.br\/site\/wp-json\/wp\/v2\/product_tag?post=16677"}],"curies":[{"name":"wp","href":"https:\/\/api.w.org\/{rel}","templated":true}]}}