{"id":16545,"date":"2025-03-15T00:16:05","date_gmt":"2025-03-15T03:16:05","guid":{"rendered":"https:\/\/cacapalavrasdidaticos.com.br\/site\/?post_type=product&#038;p=16545"},"modified":"2025-12-01T01:14:19","modified_gmt":"2025-12-01T04:14:19","slug":"abril-azul-e-o-autismo-conscientizacao-inclusao-e-direitos-direitos","status":"publish","type":"product","link":"https:\/\/cacapalavrasdidaticos.com.br\/site\/produto\/abril-azul-e-o-autismo-conscientizacao-inclusao-e-direitos-direitos\/","title":{"rendered":"ABRIL AZUL E O AUTISMO: Conscientiza\u00e7\u00e3o, Inclus\u00e3o e Direitos Direitos"},"content":{"rendered":"","protected":false},"excerpt":{"rendered":"<p data-start=\"0\" data-end=\"396\">A <strong data-start=\"2\" data-end=\"37\">Apostila das Cores &#8211; Abril Azul<\/strong> \u00e9 um material educativo que promove a conscientiza\u00e7\u00e3o sobre o Transtorno do Espectro Autista (TEA), abordando temas essenciais como sinais do autismo, mitos e verdades, tratamento, leis e direitos. Criada por Eduardo Menandes e Cristiane Neves, a apostila visa ampliar o conhecimento sobre o autismo, incentivando a inclus\u00e3o e a valoriza\u00e7\u00e3o da diversidade.<\/p>\n<p data-start=\"398\" data-end=\"742\" data-is-last-node=\"\" data-is-only-node=\"\">Com uma abordagem acess\u00edvel e din\u00e2mica, o material traz atividades did\u00e1ticas que auxiliam na fixa\u00e7\u00e3o dos conte\u00fados, al\u00e9m de destacar personalidades autistas e representa\u00e7\u00f5es do autismo na cultura. A apostila \u00e9 uma ferramenta indispens\u00e1vel para escolas e educadores, contribuindo para um ambiente mais acolhedor e inclusivo para pessoas com TEA.<\/p>\n<p>&nbsp;<\/p>\n<p>&nbsp;<\/p>\n<p style=\"text-align: center;\"><strong>AVISO IMPORTANTE<\/strong><\/p>\n<p style=\"text-align: center;\"><strong>AS APOSTILAS S\u00c3O ENVIADAS EM FORMATO PDF NO EMAIL CADASTRADO NO ATO DA COMPRA. CASO QUEIRA O MATERIAL EM FORMATO IMAGEM JPEG, ENTRE EM CONTATO CONOSCO PELO WHATSAPP: 31-994716920<\/strong><\/p>\n<p style=\"text-align: center;\"><strong>MAIS INFORMA\u00c7\u00d5ES E COMPRA PELO PIX, EM CONTATO CONOSCO: 31-994716920. PIX: 31-994716920 (Eduardo de Sousa)<\/strong><\/p>\n<p style=\"text-align: center;\"><strong>ENVIO DO MATERIAL: EM AT\u00c9 1 (UM) DIA \u00daTIL, AP\u00d3S A CONFIRMA\u00c7\u00c3O DO PAGAMENTO<\/strong>\u00a0<strong>(SER\u00c1 ENVIADO UM LINK DO GOOGLE DRIVE NO E-MAIL INFORMADO NO ATO DA COMPRA PARA O DOWNLOAD DA APOSTILA).<\/strong><\/p>\n","protected":false},"featured_media":16546,"comment_status":"open","ping_status":"closed","template":"","meta":[],"product_brand":[],"product_cat":[160],"product_tag":[],"class_list":["post-16545","product","type-product","status-publish","has-post-thumbnail","product_cat-datas-comemorativas","first","instock","virtual","taxable","purchasable","product-type-simple"],"_links":{"self":[{"href":"https:\/\/cacapalavrasdidaticos.com.br\/site\/wp-json\/wp\/v2\/product\/16545","targetHints":{"allow":["GET"]}}],"collection":[{"href":"https:\/\/cacapalavrasdidaticos.com.br\/site\/wp-json\/wp\/v2\/product"}],"about":[{"href":"https:\/\/cacapalavrasdidaticos.com.br\/site\/wp-json\/wp\/v2\/types\/product"}],"replies":[{"embeddable":true,"href":"https:\/\/cacapalavrasdidaticos.com.br\/site\/wp-json\/wp\/v2\/comments?post=16545"}],"wp:featuredmedia":[{"embeddable":true,"href":"https:\/\/cacapalavrasdidaticos.com.br\/site\/wp-json\/wp\/v2\/media\/16546"}],"wp:attachment":[{"href":"https:\/\/cacapalavrasdidaticos.com.br\/site\/wp-json\/wp\/v2\/media?parent=16545"}],"wp:term":[{"taxonomy":"product_brand","embeddable":true,"href":"https:\/\/cacapalavrasdidaticos.com.br\/site\/wp-json\/wp\/v2\/product_brand?post=16545"},{"taxonomy":"product_cat","embeddable":true,"href":"https:\/\/cacapalavrasdidaticos.com.br\/site\/wp-json\/wp\/v2\/product_cat?post=16545"},{"taxonomy":"product_tag","embeddable":true,"href":"https:\/\/cacapalavrasdidaticos.com.br\/site\/wp-json\/wp\/v2\/product_tag?post=16545"}],"curies":[{"name":"wp","href":"https:\/\/api.w.org\/{rel}","templated":true}]}}

ABRIL AZUL E O AUTISMO: Conscientização, Inclusão e Direitos Direitos

<p data-start="0" data-end="396">A <strong data-start="2" data-end="37">Apostila das Cores &#8211; Abril Azul</strong> é um material educativo que promove a conscientização sobre o Transtorno do Espectro Autista (TEA), abordando temas essenciais como sinais do autismo, mitos e verdades, tratamento, leis e direitos. Criada por Eduardo Menandes e Cristiane Neves, a apostila visa ampliar o conhecimento sobre o autismo, incentivando a inclusão e a valorização da diversidade.</p>
<p data-start="398" data-end="742" data-is-last-node="" data-is-only-node="">Com uma abordagem acessível e dinâmica, o material traz atividades didáticas que auxiliam na fixação dos conteúdos, além de destacar personalidades autistas e representações do autismo na cultura. A apostila é uma ferramenta indispensável para escolas e educadores, contribuindo para um ambiente mais acolhedor e inclusivo para pessoas com TEA.</p>
<p>&nbsp;</p>
<p>&nbsp;</p>
<p style="text-align: center;"><strong>AVISO IMPORTANTE</strong></p>
<p style="text-align: center;"><strong>AS APOSTILAS SÃO ENVIADAS EM FORMATO PDF NO EMAIL CADASTRADO NO ATO DA COMPRA. CASO QUEIRA O MATERIAL EM FORMATO IMAGEM JPEG, ENTRE EM CONTATO CONOSCO PELO WHATSAPP: 31-994716920</strong></p>
<p style="text-align: center;"><strong>MAIS INFORMAÇÕES E COMPRA PELO PIX, EM CONTATO CONOSCO: 31-994716920. PIX: 31-994716920 (Eduardo de Sousa)</strong></p>
<p style="text-align: center;"><strong>ENVIO DO MATERIAL: EM ATÉ 1 (UM) DIA ÚTIL, APÓS A CONFIRMAÇÃO DO PAGAMENTO</strong> <strong>(SERÁ ENVIADO UM LINK DO GOOGLE DRIVE NO E-MAIL INFORMADO NO ATO DA COMPRA PARA O DOWNLOAD DA APOSTILA).</strong></p>
