{"id":16243,"date":"2025-03-07T01:24:00","date_gmt":"2025-03-07T04:24:00","guid":{"rendered":"https:\/\/cacapalavrasdidaticos.com.br\/site\/?post_type=product&#038;p=16243"},"modified":"2026-03-24T00:24:33","modified_gmt":"2026-03-24T03:24:33","slug":"marco-mulher","status":"publish","type":"product","link":"https:\/\/cacapalavrasdidaticos.com.br\/site\/produto\/marco-mulher\/","title":{"rendered":"MAR\u00c7O MULHER"},"content":{"rendered":"","protected":false},"excerpt":{"rendered":"<p style=\"text-align: left;\" data-start=\"0\" data-end=\"561\"><strong>\ud83d\udcda Conhe\u00e7a o material &#8220;Mar\u00e7o Mulher &#8211; Estudos Tem\u00e1ticos&#8221;! Ideal para o Ensino M\u00e9dio, esta apostila did\u00e1tica aborda com profundidade a hist\u00f3ria de grandes mulheres como Tereza de Benguela, Marie Curie, Maria Carolina de Jesus, Bertha Lutz e Frida Kahlo, entre outras. Com linguagem acess\u00edvel e atividades variadas como ca\u00e7a-palavras, cruzadinhas, quest\u00f5es interpretativas e textos para reflex\u00e3o, os estudantes ter\u00e3o a oportunidade de explorar temas fundamentais como representatividade feminina, lutas sociais, ci\u00eancia, arte e resist\u00eancia hist\u00f3rica feminina.<\/strong><\/p>\n<p data-start=\"563\" data-end=\"1047\" data-is-last-node=\"\" data-is-only-node=\"\"><strong>Al\u00e9m de proporcionar reflex\u00f5es cr\u00edticas sobre o protagonismo feminino, o material inclui planejamentos bimestrais e acesso digital a conte\u00fados complementares, facilitando ainda mais o aprendizado e o engajamento dos estudantes. Com atividades diversificadas, incluindo compreens\u00e3o de texto, cruzadinhas, ca\u00e7a-palavras e atividades de colorir, o estudo torna-se mais din\u00e2mico, inclusivo e impactante, valorizando o papel da mulher na constru\u00e7\u00e3o hist\u00f3rica e social do Brasil e do mundo.<\/strong><\/p>\n<ul>\n<li><strong>Planejamento bimestral;<\/strong><\/li>\n<li><strong>10 Estudos dirigidos e atividades relacionadas na sequ\u00eancia;<\/strong><\/li>\n<li><strong>Cruzadinhas;<\/strong><\/li>\n<li><strong>Ca\u00e7a-palavras;<\/strong><\/li>\n<li><strong>Atividades orientadas para colorir;<\/strong><\/li>\n<li><strong>Gabaritos de todas as atividades.<\/strong><\/li>\n<\/ul>\n<p><strong>\u00a0 \u00a0 \u00a0 68 P\u00c1GINAS<\/strong><\/p>\n<p>&nbsp;<\/p>\n<p style=\"text-align: center;\"><strong>AVISO IMPORTANTE:<\/strong><\/p>\n<p style=\"text-align: center;\"><strong>AS APOSTILAS S\u00c3O ENVIADAS EM FORMATO PDF NO EMAIL CADASTRADO NO ATO DA COMPRA. CASO QUEIRA O MATERIAL EM FORMATO IMAGEM JPEG, ENTRE EM CONTATO CONOSCO PELO WHATSAPP: 31-994716920<\/strong><\/p>\n<p style=\"text-align: center;\"><strong>MAIS INFORMA\u00c7\u00d5ES E COMPRA PELO PIX: 31-994716920 (Eduardo de Sousa)<\/strong><\/p>\n<p style=\"text-align: center;\"><strong>ENVIO DO MATERIAL: EM AT\u00c9 1 (UM) DIA \u00daTIL, AP\u00d3S A CONFIRMA\u00c7\u00c3O DO PAGAMENTO<\/strong>\u00a0<strong>(SER\u00c1 ENVIADO UM LINK DO GOOGLE DRIVE NO E-MAIL INFORMADO NO ATO DA COMPRA PARA O DOWNLOAD DA APOSTILA).<\/strong><\/p>\n","protected":false},"featured_media":16244,"comment_status":"open","ping_status":"closed","template":"","meta":[],"product_brand":[],"product_cat":[152,24,160,23],"product_tag":[31,101,32,175,34,114,172],"class_list":{"0":"post-16243","1":"product","2":"type-product","3":"status-publish","4":"has-post-thumbnail","6":"product_cat-plano-de-curso","7":"product_cat-ciencias","8":"product_cat-datas-comemorativas","9":"product_cat-historia","10":"product_tag-atividades-ludicas","11":"product_tag-bncc","12":"product_tag-caca-palavras","13":"product_tag-ciencias-da-natureza","14":"product_tag-cruzadinhas","15":"product_tag-ensino-fundamental-2","16":"product_tag-estudos-dirigidos","18":"first","19":"instock","20":"virtual","21":"taxable","22":"purchasable","23":"product-type-simple"},"_links":{"self":[{"href":"https:\/\/cacapalavrasdidaticos.com.br\/site\/wp-json\/wp\/v2\/product\/16243","targetHints":{"allow":["GET"]}}],"collection":[{"href":"https:\/\/cacapalavrasdidaticos.com.br\/site\/wp-json\/wp\/v2\/product"}],"about":[{"href":"https:\/\/cacapalavrasdidaticos.com.br\/site\/wp-json\/wp\/v2\/types\/product"}],"replies":[{"embeddable":true,"href":"https:\/\/cacapalavrasdidaticos.com.br\/site\/wp-json\/wp\/v2\/comments?post=16243"}],"wp:featuredmedia":[{"embeddable":true,"href":"https:\/\/cacapalavrasdidaticos.com.br\/site\/wp-json\/wp\/v2\/media\/16244"}],"wp:attachment":[{"href":"https:\/\/cacapalavrasdidaticos.com.br\/site\/wp-json\/wp\/v2\/media?parent=16243"}],"wp:term":[{"taxonomy":"product_brand","embeddable":true,"href":"https:\/\/cacapalavrasdidaticos.com.br\/site\/wp-json\/wp\/v2\/product_brand?post=16243"},{"taxonomy":"product_cat","embeddable":true,"href":"https:\/\/cacapalavrasdidaticos.com.br\/site\/wp-json\/wp\/v2\/product_cat?post=16243"},{"taxonomy":"product_tag","embeddable":true,"href":"https:\/\/cacapalavrasdidaticos.com.br\/site\/wp-json\/wp\/v2\/product_tag?post=16243"}],"curies":[{"name":"wp","href":"https:\/\/api.w.org\/{rel}","templated":true}]}}