{"id":7803,"date":"2023-08-16T21:15:07","date_gmt":"2023-08-17T00:15:07","guid":{"rendered":"https:\/\/cacapalavrasdidaticos.com.br\/novo\/?post_type=product&#038;p=7803"},"modified":"2025-01-28T20:50:49","modified_gmt":"2025-01-28T23:50:49","slug":"historia-e-cultura-afro-brasileira-volume-2","status":"publish","type":"product","link":"https:\/\/cacapalavrasdidaticos.com.br\/novo\/produto\/historia-e-cultura-afro-brasileira-volume-2\/","title":{"rendered":"HIST\u00d3RIA E CULTURA AFRO-BRASILEIRA (VOLUME 2)"},"content":{"rendered":"","protected":false},"excerpt":{"rendered":"<p>Esta apostila aborda <strong>26 assuntos <\/strong>relacionados a <strong>Hist\u00f3ria e Cultura Afro-brasileira para os Ensinos Fundamental 2 e M\u00e9dio.\u00a0<\/strong><\/p>\n<p>O material \u00e9 fruto de v\u00e1rios meses de pesquisa em diversas fontes bibliogr\u00e1ficas. As atividades deste volume abordar\u00e3o diversas personalidades negras africanas e brasileiras. Voc\u00ea encontrar\u00e1 tamb\u00e9m outros assuntos relacionados a tem\u00e1tica.<\/p>\n<p>Delicie-se e leve para a sua sala de aula mais essa experi\u00eancia l\u00fadica e did\u00e1tica.<\/p>\n<p><strong>78 P\u00c1GINAS<\/strong><\/p>\n<p style=\"text-align: center;\"><strong>AVISO IMPORTANTE:<\/strong><\/p>\n<p style=\"text-align: center;\"><strong>AS APOSTILAS S\u00c3O ENVIADAS EM FORMATO PDF NO EMAIL CADASTRADO NO ATO DA COMPRA. CASO QUEIRA O MATERIAL EM FORMATO IMAGEM JPEG, ENTRE EM CONTATO CONOSCO PELO WHATSAPP: 31-994716920<\/strong><\/p>\n<p style=\"text-align: center;\"><strong>MAIS INFORMA\u00c7\u00d5ES E COMPRA PELO PIX, EM CONTATO CONOSCO: 31-994716920. PIX: 31-994716920 (Eduardo de Sousa)<\/strong><\/p>\n<p style=\"text-align: center;\"><strong>ENVIO DO MATERIAL: EM AT\u00c9 1 (UM) DIA \u00daTIL, AP\u00d3S A CONFIRMA\u00c7\u00c3O DO PAGAMENTO<\/strong>\u00a0<strong>(SER\u00c1 ENVIADO UM LINK DO GOOGLE DRIVE NO E-MAIL INFORMADO NO ATO DA COMPRA PARA O DOWNLOAD DA APOSTILA).<\/strong><\/p>\n","protected":false},"featured_media":8578,"comment_status":"open","ping_status":"closed","template":"","meta":[],"product_brand":[],"product_cat":[23],"product_tag":[30,31,32,33,34,35,92,86,36,37,93,108,94],"class_list":{"0":"post-7803","1":"product","2":"type-product","3":"status-publish","4":"has-post-thumbnail","6":"product_cat-historia","7":"product_tag-africanidades","8":"product_tag-atividades-ludicas","9":"product_tag-caca-palavras","10":"product_tag-criptogramas","11":"product_tag-cruzadinhas","12":"product_tag-ensino-medio","13":"product_tag-geografia","14":"product_tag-historia","15":"product_tag-mapas-conceituais","16":"product_tag-mapas-mentais","17":"product_tag-mapas-para-colorir","18":"product_tag-personalidades","19":"product_tag-povos-africanos","21":"first","22":"instock","23":"virtual","24":"taxable","25":"purchasable","26":"product-type-simple"},"_links":{"self":[{"href":"https:\/\/cacapalavrasdidaticos.com.br\/novo\/wp-json\/wp\/v2\/product\/7803","targetHints":{"allow":["GET"]}}],"collection":[{"href":"https:\/\/cacapalavrasdidaticos.com.br\/novo\/wp-json\/wp\/v2\/product"}],"about":[{"href":"https:\/\/cacapalavrasdidaticos.com.br\/novo\/wp-json\/wp\/v2\/types\/product"}],"replies":[{"embeddable":true,"href":"https:\/\/cacapalavrasdidaticos.com.br\/novo\/wp-json\/wp\/v2\/comments?post=7803"}],"wp:featuredmedia":[{"embeddable":true,"href":"https:\/\/cacapalavrasdidaticos.com.br\/novo\/wp-json\/wp\/v2\/media\/8578"}],"wp:attachment":[{"href":"https:\/\/cacapalavrasdidaticos.com.br\/novo\/wp-json\/wp\/v2\/media?parent=7803"}],"wp:term":[{"taxonomy":"product_brand","embeddable":true,"href":"https:\/\/cacapalavrasdidaticos.com.br\/novo\/wp-json\/wp\/v2\/product_brand?post=7803"},{"taxonomy":"product_cat","embeddable":true,"href":"https:\/\/cacapalavrasdidaticos.com.br\/novo\/wp-json\/wp\/v2\/product_cat?post=7803"},{"taxonomy":"product_tag","embeddable":true,"href":"https:\/\/cacapalavrasdidaticos.com.br\/novo\/wp-json\/wp\/v2\/product_tag?post=7803"}],"curies":[{"name":"wp","href":"https:\/\/api.w.org\/{rel}","templated":true}]}}

HISTÓRIA E CULTURA AFRO-BRASILEIRA (VOLUME 2)

<p>Esta apostila aborda <strong>26 assuntos </strong>relacionados a <strong>História e Cultura Afro-brasileira para os Ensinos Fundamental 2 e Médio. </strong></p>
<p>O material é fruto de vários meses de pesquisa em diversas fontes bibliográficas. As atividades deste volume abordarão diversas personalidades negras africanas e brasileiras. Você encontrará também outros assuntos relacionados a temática.</p>
<p>Delicie-se e leve para a sua sala de aula mais essa experiência lúdica e didática.</p>
<p><strong>78 PÁGINAS</strong></p>
<p style="text-align: center;"><strong>AVISO IMPORTANTE:</strong></p>
<p style="text-align: center;"><strong>AS APOSTILAS SÃO ENVIADAS EM FORMATO PDF NO EMAIL CADASTRADO NO ATO DA COMPRA. CASO QUEIRA O MATERIAL EM FORMATO IMAGEM JPEG, ENTRE EM CONTATO CONOSCO PELO WHATSAPP: 31-994716920</strong></p>
<p style="text-align: center;"><strong>MAIS INFORMAÇÕES E COMPRA PELO PIX, EM CONTATO CONOSCO: 31-994716920. PIX: 31-994716920 (Eduardo de Sousa)</strong></p>
<p style="text-align: center;"><strong>ENVIO DO MATERIAL: EM ATÉ 1 (UM) DIA ÚTIL, APÓS A CONFIRMAÇÃO DO PAGAMENTO</strong> <strong>(SERÁ ENVIADO UM LINK DO GOOGLE DRIVE NO E-MAIL INFORMADO NO ATO DA COMPRA PARA O DOWNLOAD DA APOSTILA).</strong></p>
